{"id":422,"date":"2020-12-07T18:14:54","date_gmt":"2020-12-07T17:14:54","guid":{"rendered":"https:\/\/xn--lepanierdecapacits-rwb.com\/?page_id=422"},"modified":"2022-10-20T21:56:46","modified_gmt":"2022-10-20T19:56:46","slug":"detection-de-potentiel","status":"publish","type":"page","link":"https:\/\/xn--lepanierdecapacits-rwb.com\/?page_id=422","title":{"rendered":"&#8211; D\u00c9TECTER ET DEVELOPPER SON POTENTIEL"},"content":{"rendered":"\n<div style=\"height:80px\" aria-hidden=\"true\" class=\"wp-block-spacer\"><\/div>\n\n\n\n<div style=\"height:70px\" aria-hidden=\"true\" class=\"wp-block-spacer\"><\/div>\n\n\n\n<section id=\"section-d18283b3-45c3-4b30-bf14-02ee73b5cba9\" class=\"wp-block-gutentor-advanced-columns gutentor-section gutentor-advanced-columns has-color-bg has-custom-bg\"><div class=\"grid-container\"><div class=\"grid-row\">\n<div id=\"section-a8c5c08e-718e-487a-b215-c3bdb2dff837\" class=\"wp-block-gutentor-single-column gutentor-single-column  grid-lg-6 grid-md-12 grid-12\">\n<div id=\"section-b7438f71-86cb-418d-b5da-4cadc4173a6b\" class=\"wp-block-gutentor-content-box gutentor-section gutentor-content-box-wrapper content-template1\"><div class=\"grid-container gutentor-rm-ct-space\"><div class=\"gutentor-block-header\"><div class=\"gutentor-section-title enable-title-design seperator-bottom text-left\"><h2 class=\"gutentor-title\">D\u00e9tecter et d\u00e9velopper son potentiel<\/h2><\/div><\/div><div class=\"grid-row gutentor-grid-item-wrap\"><div class=\"gutentor-grid-column grid-lg-12 grid-md-12 grid-12\"><div class=\"gutentor-single-item gutentor-single-item-0\"><div class=\"gutentor-single-item-wrap\"><div class=\"gutentor-single-item-content\"><h3 class=\"gutentor-single-item-title\">Ces Comp\u00e9tences Enfouies<\/h3><p class=\"gutentor-single-item-desc\">Beaucoup de choses sont dites sur les talents, les dons,\u00a0 les facilit\u00e9s, les potentiels que l&rsquo;on peut avoir. De\u00a0 quoi s&rsquo;agit-il exactement? Comment d\u00e9celer, ses talents, ses dons, ses facilit\u00e9s\u00a0? <br>Le caract\u00e8re d&rsquo;un individu, sa personnalit\u00e9, peuvent -ils \u00eatre des atouts, ou encore des facteurs d\u00e9terminants, pour le choix de son secteur d&rsquo;activit\u00e9 ?<br><br>Tout au long de ce module, nous allons aborder et traiter de fa\u00e7on simple et pratique, tous ces th\u00e8mes, pour d\u00e9couvrir ce qui est enfoui en nous et\u00a0 mieux le valoriser.<\/p><\/div><\/div><\/div><\/div><\/div><\/div><\/div>\n<\/div>\n\n\n\n<div id=\"section-0bb4a348-a062-4138-ba0c-cd4387cc2a4f\" class=\"wp-block-gutentor-single-column gutentor-single-column  grid-lg-6 grid-md-12 grid-12\">\n<div id=\"section-g2d2c36\" class=\"wp-block-gutentor-e6 section-g2d2c36 gutentor-element gutentor-element-image\"><div class=\"gutentor-element-image-box\"><div class=\"gutentor-image-thumb\"><img class=\"normal-image\" src=\"https:\/\/xn--lepanierdecapacits-rwb.com\/wp-content\/uploads\/2021\/05\/formation_le-panier-de-capacites_detection-de-potentiel.png\"\/><\/div><\/div><\/div>\n<\/div>\n<\/div><\/div><\/section>\n\n\n\n<p><\/p>\n\n\n\n<div id=\"section-g539a89\" class=\"wp-block-gutentor-e0 section-g539a89 gutentor-element gutentor-element-advanced-text text-align-center-desktop\"><div class=\"gutentor-text-wrap\"><h3 class=\"gutentor-text\">Contenu et Programme<\/h3><\/div><\/div>\n\n\n\n<section id=\"4802f1\" class=\"section-4802f1 gutentor-module gutentor-module-accordion\"><div class=\"grid-container\">\n<div id=\"89689c\" class=\"wp-block-gutentor-m6-item section-89689c gutentor-module gutentor-module-accordion-item\"><div class=\"gutentor-module-accordion-panel g-a-panel-4802f1\"><div class=\"gm-ah-4802f1 gutentor-module-accordion-item-heading gutentor-module-icon-position-right\"><span class=\"gutentor-module-accordion-panel-handler\" role=\"button\"><span class=\"gutentor-module-accordion-panel-handler-label\">Objectifs<\/span><span class=\"gutentor-module-accordion-icon gutentor-enabled-width\"><i class=\"gm-aio-4802f1 gutentor-module-accordion-icon-open fas fa-angle-down\"><\/i><i class=\"gm-aic-4802f1 gutentor-module-accordion-icon-close fas fa-angle-up\"><\/i><\/span><\/span><\/div><div class=\"gm-ab-4802f1 gutentor-module-accordion-body\">\n<div id=\"section-g0e14b7\" class=\"wp-block-gutentor-e0 section-g0e14b7 gutentor-element gutentor-element-advanced-text\"><div class=\"gutentor-text-wrap\"><p class=\"gutentor-text\">&gt;  A l&rsquo;issue de cette formation, le stagiaire sera capable de d\u00e9couvrir ses talents, ses dons, \u00e9valuer son potentiel et se projeter professionnellement.<br><br><strong>PRE REQUIS :<\/strong> Savoir lire, parler, comprendre, \u00e9crire le fran\u00e7ais.<\/p><\/div><\/div>\n<\/div><\/div><\/div>\n\n\n\n<div id=\"683168\" class=\"wp-block-gutentor-m6-item section-683168 gutentor-module gutentor-module-accordion-item\"><div class=\"gutentor-module-accordion-panel g-a-panel-4802f1\"><div class=\"gm-ah-4802f1 gutentor-module-accordion-item-heading gutentor-module-icon-position-right\"><span class=\"gutentor-module-accordion-panel-handler\" role=\"button\"><span class=\"gutentor-module-accordion-panel-handler-label\">Programme<\/span><span class=\"gutentor-module-accordion-icon gutentor-enabled-width\"><i class=\"gm-aio-4802f1 gutentor-module-accordion-icon-open fas fa-angle-down\"><\/i><i class=\"gm-aic-4802f1 gutentor-module-accordion-icon-close fas fa-angle-up\"><\/i><\/span><\/span><\/div><div class=\"gm-ab-4802f1 gutentor-module-accordion-body\">\n<div id=\"section-gf7c8c6\" class=\"wp-block-gutentor-e0 section-gf7c8c6 gutentor-element gutentor-element-advanced-text\"><div class=\"gutentor-text-wrap\"><p class=\"gutentor-text\"><strong>\u2013 D\u00e9lais d\u2019acc\u00e8s \u00e0 la formation :<\/strong>\u00a015 jours maximum<br><strong>\u2013\u00a0M\u00e9thodes mobilis\u00e9es :<\/strong>\u00a0Formateur exp\u00e9riment\u00e9 et sp\u00e9cialis\u00e9e, marque d\u00e9pos\u00e9e INP \u00a0\u00ab Le<br>panier de capacit\u00e9s\u00a0\u00bb<br>-Echange, interaction, groupe de travail ,<br><strong>\u2013\u00a0Modalit\u00e9s d\u2019\u00e9valuation :<\/strong>\u00a0Quizz d\u2019\u00e9valuation des acquis.<br>Questionnaire ,correction des quizz<br><strong>\u2013\u00a0Tarifs :<\/strong>\u00a0A partir de 780 euros<br><br><br><\/p><\/div><\/div>\n<\/div><\/div><\/div>\n\n\n\n<div id=\"cc1049\" class=\"wp-block-gutentor-m6-item section-cc1049 gutentor-module gutentor-module-accordion-item\"><div class=\"gutentor-module-accordion-panel g-a-panel-4802f1\"><div class=\"gm-ah-4802f1 gutentor-module-accordion-item-heading gutentor-module-icon-position-right\"><span class=\"gutentor-module-accordion-panel-handler\" role=\"button\"><span class=\"gutentor-module-accordion-panel-handler-label\">E-cours<\/span><span class=\"gutentor-module-accordion-icon gutentor-enabled-width\"><i class=\"gm-aio-4802f1 gutentor-module-accordion-icon-open fas fa-angle-down\"><\/i><i class=\"gm-aic-4802f1 gutentor-module-accordion-icon-close fas fa-angle-up\"><\/i><\/span><\/span><\/div><div class=\"gm-ab-4802f1 gutentor-module-accordion-body\">\n<div id=\"section-g05d4b4\" class=\"wp-block-gutentor-e0 section-g05d4b4 gutentor-element gutentor-element-advanced-text\"><div class=\"gutentor-text-wrap\"><p class=\"gutentor-text\"><strong>E-formation<br><\/strong>Dispens\u00e9e en 7h00<\/p><\/div><\/div>\n<\/div><\/div><\/div>\n\n\n\n<div id=\"971249\" class=\"wp-block-gutentor-m6-item section-971249 gutentor-module gutentor-module-accordion-item\"><div class=\"gutentor-module-accordion-panel g-a-panel-4802f1\"><div class=\"gm-ah-4802f1 gutentor-module-accordion-item-heading gutentor-module-icon-position-right\"><span class=\"gutentor-module-accordion-panel-handler\" role=\"button\"><span class=\"gutentor-module-accordion-panel-handler-label\">Pr\u00e9sentiel<\/span><span class=\"gutentor-module-accordion-icon gutentor-enabled-width\"><i class=\"gm-aio-4802f1 gutentor-module-accordion-icon-open fas fa-angle-down\"><\/i><i class=\"gm-aic-4802f1 gutentor-module-accordion-icon-close fas fa-angle-up\"><\/i><\/span><\/span><\/div><div class=\"gm-ab-4802f1 gutentor-module-accordion-body\">\n<div id=\"section-gfe428f\" class=\"wp-block-gutentor-e0 section-gfe428f gutentor-element gutentor-element-advanced-text\"><div class=\"gutentor-text-wrap\"><p class=\"gutentor-text\"><strong><strong>Lieu de formation<\/strong><\/strong><br>Adresse et lieu communiqu\u00e9s d&rsquo;avance<strong><br><\/strong><\/p><\/div><\/div>\n<\/div><\/div><\/div>\n\n\n\n<div id=\"c18817\" class=\"wp-block-gutentor-m6-item section-c18817 gutentor-module gutentor-module-accordion-item\"><div class=\"gutentor-module-accordion-panel g-a-panel-4802f1\"><div class=\"gm-ah-4802f1 gutentor-module-accordion-item-heading gutentor-module-icon-position-right\"><span class=\"gutentor-module-accordion-panel-handler\" role=\"button\"><span class=\"gutentor-module-accordion-panel-handler-label\">Attestation de formation<\/span><span class=\"gutentor-module-accordion-icon gutentor-enabled-width\"><i class=\"gm-aio-4802f1 gutentor-module-accordion-icon-open fas fa-angle-down\"><\/i><i class=\"gm-aic-4802f1 gutentor-module-accordion-icon-close fas fa-angle-up\"><\/i><\/span><\/span><\/div><div class=\"gm-ab-4802f1 gutentor-module-accordion-body\">\n<div id=\"section-ge4e50f\" class=\"wp-block-gutentor-e0 section-ge4e50f gutentor-element gutentor-element-advanced-text\"><div class=\"gutentor-text-wrap\"><p class=\"gutentor-text\"><strong><strong>Attestation de formation<\/strong><\/strong><br>Une attestation de fin de parcours est d\u00e9livr\u00e9e par l&rsquo;organisme de formation.<\/p><\/div><\/div>\n<\/div><\/div><\/div>\n<\/div><\/section>\n\n\n\n<section id=\"section-13a42f33-0043-49ec-ad3e-8aa16386d24b\" class=\"wp-block-gutentor-advanced-columns gutentor-section gutentor-advanced-columns\"><div class=\"grid-container\"><div class=\"grid-row\">\n<section id=\"section-f66cf8d3-0236-4c7c-9c7b-27f1ff001e75\" class=\"wp-block-gutentor-single-column gutentor-single-column  grid-lg-4 grid-md-12 grid-12\">\n<section id=\"section-9f87a4e4-9ccf-45d2-99c2-f2c05ee9443a\" class=\"wp-block-gutentor-content-box gutentor-section gutentor-content-box-wrapper content-template1\"><div class=\"grid-container\"><div class=\"gutentor-block-header\"><div class=\"gutentor-section-title text-left\"><h2 class=\"gutentor-title\">Des r\u00c9sultats probants <\/h2><\/div><\/div><div class=\"grid-row gutentor-grid-item-wrap\"><div class=\"gutentor-grid-column grid-lg-12 grid-md-12 grid-12\"><div class=\"gutentor-single-item gutentor-single-item-0\"><div class=\"gutentor-single-item-wrap\"><div class=\"gutentor-single-item-content\"><h3 class=\"gutentor-single-item-title\">Reconversions  R\u00e9ussies<br><\/h3><\/div><\/div><\/div><\/div><\/div><\/div><\/section>\n\n\n\n<p><\/p>\n<\/section>\n\n\n\n<section id=\"section-1785d2c3-93e0-4b33-b7ed-e08bb153b660\" class=\"wp-block-gutentor-single-column gutentor-single-column  grid-lg-8 grid-md-12 grid-12\">\n<section id=\"section-6c4df3d6-be97-44ef-8290-7ef3419b5839\" class=\"wp-block-gutentor-content-box gutentor-section gutentor-content-box-wrapper content-template1\"><div class=\"grid-container\"><div class=\"grid-row gutentor-grid-item-wrap\"><div class=\"gutentor-grid-column grid-lg-12 grid-md-12 grid-12\"><div class=\"gutentor-single-item gutentor-single-item-0\"><div class=\"gutentor-single-item-wrap\"><div class=\"gutentor-single-item-content\"><p class=\"gutentor-single-item-desc\">Sur 100 personnes accompagn\u00e9es, 95 r\u00e9ussissent \u00e0 se r\u00e9ins\u00e9rer.  La difficult\u00e9 majeure est souvent <br>li\u00e9e \u00e0 la prise en charge des formations \u00e0 suivre, apr\u00e8s que la voie soit trouv\u00e9e.<\/p><\/div><\/div><\/div><\/div><\/div><\/div><\/section>\n<\/section>\n<\/div><\/div><\/section>\n","protected":false},"excerpt":{"rendered":"","protected":false},"author":1,"featured_media":0,"parent":488,"menu_order":1,"comment_status":"closed","ping_status":"closed","template":"template-gutentor-full-width.php","meta":[],"_links":{"self":[{"href":"https:\/\/xn--lepanierdecapacits-rwb.com\/index.php?rest_route=\/wp\/v2\/pages\/422"}],"collection":[{"href":"https:\/\/xn--lepanierdecapacits-rwb.com\/index.php?rest_route=\/wp\/v2\/pages"}],"about":[{"href":"https:\/\/xn--lepanierdecapacits-rwb.com\/index.php?rest_route=\/wp\/v2\/types\/page"}],"author":[{"embeddable":true,"href":"https:\/\/xn--lepanierdecapacits-rwb.com\/index.php?rest_route=\/wp\/v2\/users\/1"}],"replies":[{"embeddable":true,"href":"https:\/\/xn--lepanierdecapacits-rwb.com\/index.php?rest_route=%2Fwp%2Fv2%2Fcomments&post=422"}],"version-history":[{"count":16,"href":"https:\/\/xn--lepanierdecapacits-rwb.com\/index.php?rest_route=\/wp\/v2\/pages\/422\/revisions"}],"predecessor-version":[{"id":1608,"href":"https:\/\/xn--lepanierdecapacits-rwb.com\/index.php?rest_route=\/wp\/v2\/pages\/422\/revisions\/1608"}],"up":[{"embeddable":true,"href":"https:\/\/xn--lepanierdecapacits-rwb.com\/index.php?rest_route=\/wp\/v2\/pages\/488"}],"wp:attachment":[{"href":"https:\/\/xn--lepanierdecapacits-rwb.com\/index.php?rest_route=%2Fwp%2Fv2%2Fmedia&parent=422"}],"curies":[{"name":"wp","href":"https:\/\/api.w.org\/{rel}","templated":true}]}}

&#8211; DÉTECTER ET DEVELOPPER SON POTENTIEL

<div style="height:80px" aria-hidden="true" class="wp-block-spacer"></div>



<div style="height:70px" aria-hidden="true" class="wp-block-spacer"></div>



<section id="section-d18283b3-45c3-4b30-bf14-02ee73b5cba9" class="wp-block-gutentor-advanced-columns gutentor-section gutentor-advanced-columns has-color-bg has-custom-bg"><div class="grid-container"><div class="grid-row">
<div id="section-a8c5c08e-718e-487a-b215-c3bdb2dff837" class="wp-block-gutentor-single-column gutentor-single-column  grid-lg-6 grid-md-12 grid-12">
<div id="section-b7438f71-86cb-418d-b5da-4cadc4173a6b" class="wp-block-gutentor-content-box gutentor-section gutentor-content-box-wrapper content-template1"><div class="grid-container gutentor-rm-ct-space"><div class="gutentor-block-header"><div class="gutentor-section-title enable-title-design seperator-bottom text-left"><h2 class="gutentor-title">Détecter et développer son potentiel</h2></div></div><div class="grid-row gutentor-grid-item-wrap"><div class="gutentor-grid-column grid-lg-12 grid-md-12 grid-12"><div class="gutentor-single-item gutentor-single-item-0"><div class="gutentor-single-item-wrap"><div class="gutentor-single-item-content"><h3 class="gutentor-single-item-title">Ces Compétences Enfouies</h3><p class="gutentor-single-item-desc">Beaucoup de choses sont dites sur les talents, les dons,  les facilités, les potentiels que l&rsquo;on peut avoir. De  quoi s&rsquo;agit-il exactement? Comment déceler, ses talents, ses dons, ses facilités ? <br>Le caractère d&rsquo;un individu, sa personnalité, peuvent -ils être des atouts, ou encore des facteurs déterminants, pour le choix de son secteur d&rsquo;activité ?<br><br>Tout au long de ce module, nous allons aborder et traiter de façon simple et pratique, tous ces thèmes, pour découvrir ce qui est enfoui en nous et  mieux le valoriser.</p></div></div></div></div></div></div></div>
</div>



<div id="section-0bb4a348-a062-4138-ba0c-cd4387cc2a4f" class="wp-block-gutentor-single-column gutentor-single-column  grid-lg-6 grid-md-12 grid-12">
<div id="section-g2d2c36" class="wp-block-gutentor-e6 section-g2d2c36 gutentor-element gutentor-element-image"><div class="gutentor-element-image-box"><div class="gutentor-image-thumb"><img class="normal-image" src="https://xn--lepanierdecapacits-rwb.com/wp-content/uploads/2021/05/formation_le-panier-de-capacites_detection-de-potentiel.png"/></div></div></div>
</div>
</div></div></section>



<p></p>



<div id="section-g539a89" class="wp-block-gutentor-e0 section-g539a89 gutentor-element gutentor-element-advanced-text text-align-center-desktop"><div class="gutentor-text-wrap"><h3 class="gutentor-text">Contenu et Programme</h3></div></div>



<section id="4802f1" class="section-4802f1 gutentor-module gutentor-module-accordion"><div class="grid-container">
<div id="89689c" class="wp-block-gutentor-m6-item section-89689c gutentor-module gutentor-module-accordion-item"><div class="gutentor-module-accordion-panel g-a-panel-4802f1"><div class="gm-ah-4802f1 gutentor-module-accordion-item-heading gutentor-module-icon-position-right"><span class="gutentor-module-accordion-panel-handler" role="button"><span class="gutentor-module-accordion-panel-handler-label">Objectifs</span><span class="gutentor-module-accordion-icon gutentor-enabled-width"><i class="gm-aio-4802f1 gutentor-module-accordion-icon-open fas fa-angle-down"></i><i class="gm-aic-4802f1 gutentor-module-accordion-icon-close fas fa-angle-up"></i></span></span></div><div class="gm-ab-4802f1 gutentor-module-accordion-body">
<div id="section-g0e14b7" class="wp-block-gutentor-e0 section-g0e14b7 gutentor-element gutentor-element-advanced-text"><div class="gutentor-text-wrap"><p class="gutentor-text">&gt;  A l&rsquo;issue de cette formation, le stagiaire sera capable de découvrir ses talents, ses dons, évaluer son potentiel et se projeter professionnellement.<br><br><strong>PRE REQUIS :</strong> Savoir lire, parler, comprendre, écrire le français.</p></div></div>
</div></div></div>



<div id="683168" class="wp-block-gutentor-m6-item section-683168 gutentor-module gutentor-module-accordion-item"><div class="gutentor-module-accordion-panel g-a-panel-4802f1"><div class="gm-ah-4802f1 gutentor-module-accordion-item-heading gutentor-module-icon-position-right"><span class="gutentor-module-accordion-panel-handler" role="button"><span class="gutentor-module-accordion-panel-handler-label">Programme</span><span class="gutentor-module-accordion-icon gutentor-enabled-width"><i class="gm-aio-4802f1 gutentor-module-accordion-icon-open fas fa-angle-down"></i><i class="gm-aic-4802f1 gutentor-module-accordion-icon-close fas fa-angle-up"></i></span></span></div><div class="gm-ab-4802f1 gutentor-module-accordion-body">
<div id="section-gf7c8c6" class="wp-block-gutentor-e0 section-gf7c8c6 gutentor-element gutentor-element-advanced-text"><div class="gutentor-text-wrap"><p class="gutentor-text"><strong>– Délais d’accès à la formation :</strong> 15 jours maximum<br><strong>– Méthodes mobilisées :</strong> Formateur expérimenté et spécialisée, marque déposée INP  « Le<br>panier de capacités »<br>-Echange, interaction, groupe de travail ,<br><strong>– Modalités d’évaluation :</strong> Quizz d’évaluation des acquis.<br>Questionnaire ,correction des quizz<br><strong>– Tarifs :</strong> A partir de 780 euros<br><br><br></p></div></div>
</div></div></div>



<div id="cc1049" class="wp-block-gutentor-m6-item section-cc1049 gutentor-module gutentor-module-accordion-item"><div class="gutentor-module-accordion-panel g-a-panel-4802f1"><div class="gm-ah-4802f1 gutentor-module-accordion-item-heading gutentor-module-icon-position-right"><span class="gutentor-module-accordion-panel-handler" role="button"><span class="gutentor-module-accordion-panel-handler-label">E-cours</span><span class="gutentor-module-accordion-icon gutentor-enabled-width"><i class="gm-aio-4802f1 gutentor-module-accordion-icon-open fas fa-angle-down"></i><i class="gm-aic-4802f1 gutentor-module-accordion-icon-close fas fa-angle-up"></i></span></span></div><div class="gm-ab-4802f1 gutentor-module-accordion-body">
<div id="section-g05d4b4" class="wp-block-gutentor-e0 section-g05d4b4 gutentor-element gutentor-element-advanced-text"><div class="gutentor-text-wrap"><p class="gutentor-text"><strong>E-formation<br></strong>Dispensée en 7h00</p></div></div>
</div></div></div>



<div id="971249" class="wp-block-gutentor-m6-item section-971249 gutentor-module gutentor-module-accordion-item"><div class="gutentor-module-accordion-panel g-a-panel-4802f1"><div class="gm-ah-4802f1 gutentor-module-accordion-item-heading gutentor-module-icon-position-right"><span class="gutentor-module-accordion-panel-handler" role="button"><span class="gutentor-module-accordion-panel-handler-label">Présentiel</span><span class="gutentor-module-accordion-icon gutentor-enabled-width"><i class="gm-aio-4802f1 gutentor-module-accordion-icon-open fas fa-angle-down"></i><i class="gm-aic-4802f1 gutentor-module-accordion-icon-close fas fa-angle-up"></i></span></span></div><div class="gm-ab-4802f1 gutentor-module-accordion-body">
<div id="section-gfe428f" class="wp-block-gutentor-e0 section-gfe428f gutentor-element gutentor-element-advanced-text"><div class="gutentor-text-wrap"><p class="gutentor-text"><strong><strong>Lieu de formation</strong></strong><br>Adresse et lieu communiqués d&rsquo;avance<strong><br></strong></p></div></div>
</div></div></div>



<div id="c18817" class="wp-block-gutentor-m6-item section-c18817 gutentor-module gutentor-module-accordion-item"><div class="gutentor-module-accordion-panel g-a-panel-4802f1"><div class="gm-ah-4802f1 gutentor-module-accordion-item-heading gutentor-module-icon-position-right"><span class="gutentor-module-accordion-panel-handler" role="button"><span class="gutentor-module-accordion-panel-handler-label">Attestation de formation</span><span class="gutentor-module-accordion-icon gutentor-enabled-width"><i class="gm-aio-4802f1 gutentor-module-accordion-icon-open fas fa-angle-down"></i><i class="gm-aic-4802f1 gutentor-module-accordion-icon-close fas fa-angle-up"></i></span></span></div><div class="gm-ab-4802f1 gutentor-module-accordion-body">
<div id="section-ge4e50f" class="wp-block-gutentor-e0 section-ge4e50f gutentor-element gutentor-element-advanced-text"><div class="gutentor-text-wrap"><p class="gutentor-text"><strong><strong>Attestation de formation</strong></strong><br>Une attestation de fin de parcours est délivrée par l&rsquo;organisme de formation.</p></div></div>
</div></div></div>
</div></section>



<section id="section-13a42f33-0043-49ec-ad3e-8aa16386d24b" class="wp-block-gutentor-advanced-columns gutentor-section gutentor-advanced-columns"><div class="grid-container"><div class="grid-row">
<section id="section-f66cf8d3-0236-4c7c-9c7b-27f1ff001e75" class="wp-block-gutentor-single-column gutentor-single-column  grid-lg-4 grid-md-12 grid-12">
<section id="section-9f87a4e4-9ccf-45d2-99c2-f2c05ee9443a" class="wp-block-gutentor-content-box gutentor-section gutentor-content-box-wrapper content-template1"><div class="grid-container"><div class="gutentor-block-header"><div class="gutentor-section-title text-left"><h2 class="gutentor-title">Des rÉsultats probants </h2></div></div><div class="grid-row gutentor-grid-item-wrap"><div class="gutentor-grid-column grid-lg-12 grid-md-12 grid-12"><div class="gutentor-single-item gutentor-single-item-0"><div class="gutentor-single-item-wrap"><div class="gutentor-single-item-content"><h3 class="gutentor-single-item-title">Reconversions  Réussies<br></h3></div></div></div></div></div></div></section>



<p></p>
</section>



<section id="section-1785d2c3-93e0-4b33-b7ed-e08bb153b660" class="wp-block-gutentor-single-column gutentor-single-column  grid-lg-8 grid-md-12 grid-12">
<section id="section-6c4df3d6-be97-44ef-8290-7ef3419b5839" class="wp-block-gutentor-content-box gutentor-section gutentor-content-box-wrapper content-template1"><div class="grid-container"><div class="grid-row gutentor-grid-item-wrap"><div class="gutentor-grid-column grid-lg-12 grid-md-12 grid-12"><div class="gutentor-single-item gutentor-single-item-0"><div class="gutentor-single-item-wrap"><div class="gutentor-single-item-content"><p class="gutentor-single-item-desc">Sur 100 personnes accompagnées, 95 réussissent à se réinsérer.  La difficulté majeure est souvent <br>liée à la prise en charge des formations à suivre, après que la voie soit trouvée.</p></div></div></div></div></div></div></section>
</section>
</div></div></section>
