{"id":473,"date":"2020-12-08T12:42:21","date_gmt":"2020-12-08T11:42:21","guid":{"rendered":"https:\/\/xn--lepanierdecapacits-rwb.com\/?page_id=473"},"modified":"2022-10-20T21:59:10","modified_gmt":"2022-10-20T19:59:10","slug":"profil-paca","status":"publish","type":"page","link":"https:\/\/xn--lepanierdecapacits-rwb.com\/?page_id=473","title":{"rendered":"&#8211; BILAN DE COMPETENCES"},"content":{"rendered":"\n<div style=\"height:150px\" aria-hidden=\"true\" class=\"wp-block-spacer\"><\/div>\n\n\n\n<section id=\"section-53ca830e-76c6-400c-922f-1c3a407b637b\" class=\"wp-block-gutentor-advanced-columns gutentor-section gutentor-advanced-columns has-color-bg has-custom-bg\"><div class=\"grid-container\"><div class=\"grid-row\">\n<div id=\"section-2bfe1ffe-3398-4874-8e40-1042a3e07277\" class=\"wp-block-gutentor-single-column gutentor-single-column  grid-lg-6 grid-md-12 grid-12\">\n<div id=\"section-5e6104dd-719c-4ea7-9071-e29f0925a11b\" class=\"wp-block-gutentor-content-box gutentor-section gutentor-content-box-wrapper content-template1\"><div class=\"grid-container gutentor-rm-ct-space\"><div class=\"gutentor-block-header\"><div class=\"gutentor-section-title enable-title-design seperator-bottom text-left\"><h2 class=\"gutentor-title\">Bilan de comp\u00e9tences<\/h2><\/div><\/div><div class=\"grid-row gutentor-grid-item-wrap\"><div class=\"gutentor-grid-column grid-lg-12 grid-md-12 grid-12\"><div class=\"gutentor-single-item gutentor-single-item-0\"><div class=\"gutentor-single-item-wrap\"><div class=\"gutentor-single-item-content\"><h3 class=\"gutentor-single-item-title\"><\/h3><p class=\"gutentor-single-item-desc\">Le bilan de comp\u00e9tences aujourd&rsquo;hui permet d&rsquo;\u00e9tablir un profil propre \u00e0 chacun.<br>Celui-ci est souvent sur la base d&rsquo;un parcours professionnel suivi d&rsquo;une orientation ou r\u00e9orientation.<br><br><br>Vous allez apprendre au cours de votre bilan de com\u00e9tences <br>que les potentiels qui existent en chaque individu, sont des mines d&rsquo;or <br>inexploit\u00e9es. Il est possible de choisir une fili\u00e8re, un cursus etc\u2026 <br>dans un domaine o\u00f9 l&rsquo;on a des pr\u00e9dispositions naturelles.<\/p><\/div><\/div><\/div><\/div><\/div><\/div><\/div>\n<\/div>\n\n\n\n<div id=\"section-ba72bcc0-c77c-4e62-a38f-05c16387d3ab\" class=\"wp-block-gutentor-single-column gutentor-single-column  grid-lg-6 grid-md-12 grid-12\">\n<div id=\"section-g7bfe63\" class=\"wp-block-gutentor-e6 section-g7bfe63 gutentor-element gutentor-element-image\"><div class=\"gutentor-element-image-box\"><div class=\"gutentor-image-thumb\"><img class=\"normal-image\" src=\"https:\/\/xn--lepanierdecapacits-rwb.com\/wp-content\/uploads\/2021\/04\/le-panier-de-capacites_formation_mon-profil-professionnel-1.png\"\/><\/div><\/div><\/div>\n<\/div>\n<\/div><\/div><\/section>\n\n\n\n<p><\/p>\n\n\n\n<div id=\"section-g516616\" class=\"wp-block-gutentor-e0 section-g516616 gutentor-element gutentor-element-advanced-text text-align-center-desktop\"><div class=\"gutentor-text-wrap\"><h3 class=\"gutentor-text\">Contenu et Programme<\/h3><\/div><\/div>\n\n\n\n<section id=\"e0be16\" class=\"section-e0be16 gutentor-module gutentor-module-accordion\"><div class=\"grid-container\">\n<div id=\"3c5ea5\" class=\"wp-block-gutentor-m6-item section-3c5ea5 gutentor-module gutentor-module-accordion-item\"><div class=\"gutentor-module-accordion-panel g-a-panel-e0be16\"><div class=\"gm-ah-e0be16 gutentor-module-accordion-item-heading gutentor-module-icon-position-right\"><span class=\"gutentor-module-accordion-panel-handler\" role=\"button\"><span class=\"gutentor-module-accordion-panel-handler-label\">Objectifs<\/span><span class=\"gutentor-module-accordion-icon gutentor-enabled-width\"><i class=\"gm-aio-e0be16 gutentor-module-accordion-icon-open fas fa-angle-down\"><\/i><i class=\"gm-aic-e0be16 gutentor-module-accordion-icon-close fas fa-angle-up\"><\/i><\/span><\/span><\/div><div class=\"gm-ab-e0be16 gutentor-module-accordion-body\">\n<div id=\"section-gc89772\" class=\"wp-block-gutentor-e0 section-gc89772 gutentor-element gutentor-element-advanced-text\"><div class=\"gutentor-text-wrap\"><p class=\"gutentor-text\">&gt;  A l&rsquo;issue de cette formation, le stagiaire sera capable de s&rsquo;autoanalyser, se projeter dans le futur. Il sera en mesure de choisir et valider un projet professionnel en ad\u00e9quation avec son profil professionnel. Utiliser ses atouts comme un instrument de n\u00e9gociation pour un emploi, une formation, une \u00e9volution de carri\u00e8re.<br><br><strong>PAS DE PRE REQUIS.<\/strong><\/p><\/div><\/div>\n<\/div><\/div><\/div>\n\n\n\n<div id=\"445a79\" class=\"wp-block-gutentor-m6-item section-445a79 gutentor-module gutentor-module-accordion-item\"><div class=\"gutentor-module-accordion-panel g-a-panel-e0be16\"><div class=\"gm-ah-e0be16 gutentor-module-accordion-item-heading gutentor-module-icon-position-right\"><span class=\"gutentor-module-accordion-panel-handler\" role=\"button\"><span class=\"gutentor-module-accordion-panel-handler-label\">Programme<\/span><span class=\"gutentor-module-accordion-icon gutentor-enabled-width\"><i class=\"gm-aio-e0be16 gutentor-module-accordion-icon-open fas fa-angle-down\"><\/i><i class=\"gm-aic-e0be16 gutentor-module-accordion-icon-close fas fa-angle-up\"><\/i><\/span><\/span><\/div><div class=\"gm-ab-e0be16 gutentor-module-accordion-body\">\n<div id=\"section-gc3cb46\" class=\"wp-block-gutentor-e0 section-gc3cb46 gutentor-element gutentor-element-advanced-text\"><div class=\"gutentor-text-wrap\"><p class=\"gutentor-text\"><strong>Cadre l\u00e9gal et r\u00e9glementaire du bilan de comp\u00e9tences<\/strong>: <br><a href=\"https:\/\/travail-emploi.gouv.fr\/formation-professionnelle\/droit-a-la-formation-et-orientation-professionnelle\/bilan-competences\">https:\/\/travail-emploi.gouv.fr\/formation-professionnelle\/droit-a-la-formation-et-orientation-professionnelle\/bilan-competences<\/a><br><br>RESPECT DES REGLES DE DEONTOLOGIE<br>Shophar systems s\u2019engage \u00e0 respecter les crit\u00e8res D\u00e9ontologiques et Respect des r\u00e8gles, applicables aux<br>bilans de comp\u00e9tences\u00a0<br>A r\u00e9aliser des Bilans de Comp\u00e9tences dans le respect du code de D\u00e9ontologie qui les r\u00e9git, par<br>l\u2019application de la loi Articles R. 6322-32 \u00e0 60 du Code du Travail.\u00a0<br>\uf06e Consentement du b\u00e9n\u00e9ficiaire<br>\uf06e Respect du secret professionnel<br>\uf06e Respect de la vie priv\u00e9e<br>\uf06e Accord du b\u00e9n\u00e9ficiaire pour la communication des r\u00e9sultats \u00e0 un tiers<br>\uf06e Destruction des documents \u00e0 l\u2019issue du bilan<br><br><strong>D\u00e9roulement en 3 \u00e9tapes :<\/strong><br>A \u2013 phase pr\u00e9liminaire. Analyse de la situation, \u00e9valuation des besoins, orientation.<br>B \u2013 phase d\u2019investigation. Construction du projet avec v\u00e9rification de la pertinence.<br>C- phase de conclusion. Appropriation des r\u00e9sultats.<br>Tarif :\u00a0A partir de 1800 euros<br><br><strong>Modalit\u00e9s d\u2019\u00e9valuation :<\/strong><br>\u2013 \u00e0 mi parcours<br>\u2013 \u00e0 la fin du parcours<br>\u2013 6 mois apr\u00e8s la fin de la formation<br><br><strong>M\u00e9thodes mobilis\u00e9es :<br><\/strong>\u2013 Suivi sur l\u2019avancement des projets.<br>\u2013 Accompagnement le long du parcours.<br>D\u00e9lais d\u2019acc\u00e8s \u00e0 la formation :\u00a015 jours<\/p><\/div><\/div>\n<\/div><\/div><\/div>\n\n\n\n<div id=\"f92a61\" class=\"wp-block-gutentor-m6-item section-f92a61 gutentor-module gutentor-module-accordion-item\"><div class=\"gutentor-module-accordion-panel g-a-panel-e0be16\"><div class=\"gm-ah-e0be16 gutentor-module-accordion-item-heading gutentor-module-icon-position-right\"><span class=\"gutentor-module-accordion-panel-handler\" role=\"button\"><span class=\"gutentor-module-accordion-panel-handler-label\">E-cours<\/span><span class=\"gutentor-module-accordion-icon gutentor-enabled-width\"><i class=\"gm-aio-e0be16 gutentor-module-accordion-icon-open fas fa-angle-down\"><\/i><i class=\"gm-aic-e0be16 gutentor-module-accordion-icon-close fas fa-angle-up\"><\/i><\/span><\/span><\/div><div class=\"gm-ab-e0be16 gutentor-module-accordion-body\">\n<div id=\"section-g33e980\" class=\"wp-block-gutentor-e0 section-g33e980 gutentor-element gutentor-element-advanced-text\"><div class=\"gutentor-text-wrap\"><p class=\"gutentor-text\">E-formation<br>Dispens\u00e9e en 24h00.<\/p><\/div><\/div>\n<\/div><\/div><\/div>\n\n\n\n<div id=\"538897\" class=\"wp-block-gutentor-m6-item section-538897 gutentor-module gutentor-module-accordion-item\"><div class=\"gutentor-module-accordion-panel g-a-panel-e0be16\"><div class=\"gm-ah-e0be16 gutentor-module-accordion-item-heading gutentor-module-icon-position-right\"><span class=\"gutentor-module-accordion-panel-handler\" role=\"button\"><span class=\"gutentor-module-accordion-panel-handler-label\">Pr\u00e9sentiel<\/span><span class=\"gutentor-module-accordion-icon gutentor-enabled-width\"><i class=\"gm-aio-e0be16 gutentor-module-accordion-icon-open fas fa-angle-down\"><\/i><i class=\"gm-aic-e0be16 gutentor-module-accordion-icon-close fas fa-angle-up\"><\/i><\/span><\/span><\/div><div class=\"gm-ab-e0be16 gutentor-module-accordion-body\">\n<div id=\"section-gefb28e\" class=\"wp-block-gutentor-e0 section-gefb28e gutentor-element gutentor-element-advanced-text\"><div class=\"gutentor-text-wrap\"><p class=\"gutentor-text\"><strong>L<\/strong>i<strong>eu de formation<\/strong><br>Adresse et lieu communiqu\u00e9s d&rsquo;avance.<\/p><\/div><\/div>\n<\/div><\/div><\/div>\n\n\n\n<div id=\"87acb1\" class=\"wp-block-gutentor-m6-item section-87acb1 gutentor-module gutentor-module-accordion-item\"><div class=\"gutentor-module-accordion-panel g-a-panel-e0be16\"><div class=\"gm-ah-e0be16 gutentor-module-accordion-item-heading gutentor-module-icon-position-right\"><span class=\"gutentor-module-accordion-panel-handler\" role=\"button\"><span class=\"gutentor-module-accordion-panel-handler-label\">Attestation de formation <\/span><span class=\"gutentor-module-accordion-icon gutentor-enabled-width\"><i class=\"gm-aio-e0be16 gutentor-module-accordion-icon-open fas fa-angle-down\"><\/i><i class=\"gm-aic-e0be16 gutentor-module-accordion-icon-close fas fa-angle-up\"><\/i><\/span><\/span><\/div><div class=\"gm-ab-e0be16 gutentor-module-accordion-body\">\n<div id=\"section-gfd6657\" class=\"wp-block-gutentor-e0 section-gfd6657 gutentor-element gutentor-element-advanced-text\"><div class=\"gutentor-text-wrap\"><p class=\"gutentor-text\"><strong>Attestation de formation<\/strong><br>Une attestation de fin de parcours est d\u00e9livr\u00e9e par l&rsquo;organisme de formation.<\/p><\/div><\/div>\n<\/div><\/div><\/div>\n<\/div><\/section>\n\n\n\n<section id=\"section-bf55c192-7327-4b0a-8dfa-ac117b646fa7\" class=\"wp-block-gutentor-advanced-columns gutentor-section gutentor-advanced-columns\"><div class=\"grid-container\"><div class=\"grid-row\">\n<section id=\"section-1b284fa6-6561-4cee-81b8-2a57b6054941\" class=\"wp-block-gutentor-single-column gutentor-single-column  grid-lg-4 grid-md-12 grid-12\">\n<section id=\"section-f7c61469-bf59-47f7-b2d0-b292de317632\" class=\"wp-block-gutentor-content-box gutentor-section gutentor-content-box-wrapper content-template1\"><div class=\"grid-container\"><div class=\"gutentor-block-header\"><div class=\"gutentor-section-title text-left\"><h2 class=\"gutentor-title\">Des r\u00c9sultats probants <\/h2><\/div><\/div><div class=\"grid-row gutentor-grid-item-wrap\"><div class=\"gutentor-grid-column grid-lg-12 grid-md-12 grid-12\"><div class=\"gutentor-single-item gutentor-single-item-0\"><div class=\"gutentor-single-item-wrap\"><div class=\"gutentor-single-item-content\"><h3 class=\"gutentor-single-item-title\">Reconversions  R\u00e9ussies<\/h3><\/div><\/div><\/div><\/div><\/div><\/div><\/section>\n\n\n\n<p><\/p>\n<\/section>\n\n\n\n<section id=\"section-4baff9e2-e15c-4ce0-a191-fc70c59ca18f\" class=\"wp-block-gutentor-single-column gutentor-single-column  grid-lg-8 grid-md-12 grid-12\">\n<section id=\"section-471acb9d-2851-463a-9fcd-ba2f3fc11925\" class=\"wp-block-gutentor-content-box gutentor-section gutentor-content-box-wrapper content-template1\"><div class=\"grid-container\"><div class=\"grid-row gutentor-grid-item-wrap\"><div class=\"gutentor-grid-column grid-lg-12 grid-md-12 grid-12\"><div class=\"gutentor-single-item gutentor-single-item-0\"><div class=\"gutentor-single-item-wrap\"><div class=\"gutentor-single-item-content\"><p class=\"gutentor-single-item-desc\">Sur 100 personnes accompagn\u00e9es, 95 r\u00e9ussissent \u00e0 se r\u00e9ins\u00e9rer. La difficult\u00e9 majeure est souvent li\u00e9e \u00e0 la prise en charge des formations \u00e0 suivre, apr\u00e8s que la voie soit trouv\u00e9e. <\/p><\/div><\/div><\/div><\/div><\/div><\/div><\/section>\n<\/section>\n<\/div><\/div><\/section>\n\n\n\n<p><\/p>\n","protected":false},"excerpt":{"rendered":"","protected":false},"author":1,"featured_media":0,"parent":488,"menu_order":2,"comment_status":"closed","ping_status":"closed","template":"template-gutentor-full-width.php","meta":[],"_links":{"self":[{"href":"https:\/\/xn--lepanierdecapacits-rwb.com\/index.php?rest_route=\/wp\/v2\/pages\/473"}],"collection":[{"href":"https:\/\/xn--lepanierdecapacits-rwb.com\/index.php?rest_route=\/wp\/v2\/pages"}],"about":[{"href":"https:\/\/xn--lepanierdecapacits-rwb.com\/index.php?rest_route=\/wp\/v2\/types\/page"}],"author":[{"embeddable":true,"href":"https:\/\/xn--lepanierdecapacits-rwb.com\/index.php?rest_route=\/wp\/v2\/users\/1"}],"replies":[{"embeddable":true,"href":"https:\/\/xn--lepanierdecapacits-rwb.com\/index.php?rest_route=%2Fwp%2Fv2%2Fcomments&post=473"}],"version-history":[{"count":25,"href":"https:\/\/xn--lepanierdecapacits-rwb.com\/index.php?rest_route=\/wp\/v2\/pages\/473\/revisions"}],"predecessor-version":[{"id":1609,"href":"https:\/\/xn--lepanierdecapacits-rwb.com\/index.php?rest_route=\/wp\/v2\/pages\/473\/revisions\/1609"}],"up":[{"embeddable":true,"href":"https:\/\/xn--lepanierdecapacits-rwb.com\/index.php?rest_route=\/wp\/v2\/pages\/488"}],"wp:attachment":[{"href":"https:\/\/xn--lepanierdecapacits-rwb.com\/index.php?rest_route=%2Fwp%2Fv2%2Fmedia&parent=473"}],"curies":[{"name":"wp","href":"https:\/\/api.w.org\/{rel}","templated":true}]}}

<div style="height:150px" aria-hidden="true" class="wp-block-spacer"></div>



<section id="section-53ca830e-76c6-400c-922f-1c3a407b637b" class="wp-block-gutentor-advanced-columns gutentor-section gutentor-advanced-columns has-color-bg has-custom-bg"><div class="grid-container"><div class="grid-row">
<div id="section-2bfe1ffe-3398-4874-8e40-1042a3e07277" class="wp-block-gutentor-single-column gutentor-single-column  grid-lg-6 grid-md-12 grid-12">
<div id="section-5e6104dd-719c-4ea7-9071-e29f0925a11b" class="wp-block-gutentor-content-box gutentor-section gutentor-content-box-wrapper content-template1"><div class="grid-container gutentor-rm-ct-space"><div class="gutentor-block-header"><div class="gutentor-section-title enable-title-design seperator-bottom text-left"><h2 class="gutentor-title">Bilan de compétences</h2></div></div><div class="grid-row gutentor-grid-item-wrap"><div class="gutentor-grid-column grid-lg-12 grid-md-12 grid-12"><div class="gutentor-single-item gutentor-single-item-0"><div class="gutentor-single-item-wrap"><div class="gutentor-single-item-content"><h3 class="gutentor-single-item-title"></h3><p class="gutentor-single-item-desc">Le bilan de compétences aujourd&rsquo;hui permet d&rsquo;établir un profil propre à chacun.<br>Celui-ci est souvent sur la base d&rsquo;un parcours professionnel suivi d&rsquo;une orientation ou réorientation.<br><br><br>Vous allez apprendre au cours de votre bilan de cométences <br>que les potentiels qui existent en chaque individu, sont des mines d&rsquo;or <br>inexploitées. Il est possible de choisir une filière, un cursus etc… <br>dans un domaine où l&rsquo;on a des prédispositions naturelles.</p></div></div></div></div></div></div></div>
</div>



<div id="section-ba72bcc0-c77c-4e62-a38f-05c16387d3ab" class="wp-block-gutentor-single-column gutentor-single-column  grid-lg-6 grid-md-12 grid-12">
<div id="section-g7bfe63" class="wp-block-gutentor-e6 section-g7bfe63 gutentor-element gutentor-element-image"><div class="gutentor-element-image-box"><div class="gutentor-image-thumb"><img class="normal-image" src="https://xn--lepanierdecapacits-rwb.com/wp-content/uploads/2021/04/le-panier-de-capacites_formation_mon-profil-professionnel-1.png"/></div></div></div>
</div>
</div></div></section>



<p></p>



<div id="section-g516616" class="wp-block-gutentor-e0 section-g516616 gutentor-element gutentor-element-advanced-text text-align-center-desktop"><div class="gutentor-text-wrap"><h3 class="gutentor-text">Contenu et Programme</h3></div></div>



<section id="e0be16" class="section-e0be16 gutentor-module gutentor-module-accordion"><div class="grid-container">
<div id="3c5ea5" class="wp-block-gutentor-m6-item section-3c5ea5 gutentor-module gutentor-module-accordion-item"><div class="gutentor-module-accordion-panel g-a-panel-e0be16"><div class="gm-ah-e0be16 gutentor-module-accordion-item-heading gutentor-module-icon-position-right"><span class="gutentor-module-accordion-panel-handler" role="button"><span class="gutentor-module-accordion-panel-handler-label">Objectifs</span><span class="gutentor-module-accordion-icon gutentor-enabled-width"><i class="gm-aio-e0be16 gutentor-module-accordion-icon-open fas fa-angle-down"></i><i class="gm-aic-e0be16 gutentor-module-accordion-icon-close fas fa-angle-up"></i></span></span></div><div class="gm-ab-e0be16 gutentor-module-accordion-body">
<div id="section-gc89772" class="wp-block-gutentor-e0 section-gc89772 gutentor-element gutentor-element-advanced-text"><div class="gutentor-text-wrap"><p class="gutentor-text">&gt;  A l&rsquo;issue de cette formation, le stagiaire sera capable de s&rsquo;autoanalyser, se projeter dans le futur. Il sera en mesure de choisir et valider un projet professionnel en adéquation avec son profil professionnel. Utiliser ses atouts comme un instrument de négociation pour un emploi, une formation, une évolution de carrière.<br><br><strong>PAS DE PRE REQUIS.</strong></p></div></div>
</div></div></div>



<div id="445a79" class="wp-block-gutentor-m6-item section-445a79 gutentor-module gutentor-module-accordion-item"><div class="gutentor-module-accordion-panel g-a-panel-e0be16"><div class="gm-ah-e0be16 gutentor-module-accordion-item-heading gutentor-module-icon-position-right"><span class="gutentor-module-accordion-panel-handler" role="button"><span class="gutentor-module-accordion-panel-handler-label">Programme</span><span class="gutentor-module-accordion-icon gutentor-enabled-width"><i class="gm-aio-e0be16 gutentor-module-accordion-icon-open fas fa-angle-down"></i><i class="gm-aic-e0be16 gutentor-module-accordion-icon-close fas fa-angle-up"></i></span></span></div><div class="gm-ab-e0be16 gutentor-module-accordion-body">
<div id="section-gc3cb46" class="wp-block-gutentor-e0 section-gc3cb46 gutentor-element gutentor-element-advanced-text"><div class="gutentor-text-wrap"><p class="gutentor-text"><strong>Cadre légal et réglementaire du bilan de compétences</strong>: <br><a href="https://travail-emploi.gouv.fr/formation-professionnelle/droit-a-la-formation-et-orientation-professionnelle/bilan-competences">https://travail-emploi.gouv.fr/formation-professionnelle/droit-a-la-formation-et-orientation-professionnelle/bilan-competences</a><br><br>RESPECT DES REGLES DE DEONTOLOGIE<br>Shophar systems s’engage à respecter les critères Déontologiques et Respect des règles, applicables aux<br>bilans de compétences <br>A réaliser des Bilans de Compétences dans le respect du code de Déontologie qui les régit, par<br>l’application de la loi Articles R. 6322-32 à 60 du Code du Travail. <br> Consentement du bénéficiaire<br> Respect du secret professionnel<br> Respect de la vie privée<br> Accord du bénéficiaire pour la communication des résultats à un tiers<br> Destruction des documents à l’issue du bilan<br><br><strong>Déroulement en 3 étapes :</strong><br>A – phase préliminaire. Analyse de la situation, évaluation des besoins, orientation.<br>B – phase d’investigation. Construction du projet avec vérification de la pertinence.<br>C- phase de conclusion. Appropriation des résultats.<br>Tarif : A partir de 1800 euros<br><br><strong>Modalités d’évaluation :</strong><br>– à mi parcours<br>– à la fin du parcours<br>– 6 mois après la fin de la formation<br><br><strong>Méthodes mobilisées :<br></strong>– Suivi sur l’avancement des projets.<br>– Accompagnement le long du parcours.<br>Délais d’accès à la formation : 15 jours</p></div></div>
</div></div></div>



<div id="f92a61" class="wp-block-gutentor-m6-item section-f92a61 gutentor-module gutentor-module-accordion-item"><div class="gutentor-module-accordion-panel g-a-panel-e0be16"><div class="gm-ah-e0be16 gutentor-module-accordion-item-heading gutentor-module-icon-position-right"><span class="gutentor-module-accordion-panel-handler" role="button"><span class="gutentor-module-accordion-panel-handler-label">E-cours</span><span class="gutentor-module-accordion-icon gutentor-enabled-width"><i class="gm-aio-e0be16 gutentor-module-accordion-icon-open fas fa-angle-down"></i><i class="gm-aic-e0be16 gutentor-module-accordion-icon-close fas fa-angle-up"></i></span></span></div><div class="gm-ab-e0be16 gutentor-module-accordion-body">
<div id="section-g33e980" class="wp-block-gutentor-e0 section-g33e980 gutentor-element gutentor-element-advanced-text"><div class="gutentor-text-wrap"><p class="gutentor-text">E-formation<br>Dispensée en 24h00.</p></div></div>
</div></div></div>



<div id="538897" class="wp-block-gutentor-m6-item section-538897 gutentor-module gutentor-module-accordion-item"><div class="gutentor-module-accordion-panel g-a-panel-e0be16"><div class="gm-ah-e0be16 gutentor-module-accordion-item-heading gutentor-module-icon-position-right"><span class="gutentor-module-accordion-panel-handler" role="button"><span class="gutentor-module-accordion-panel-handler-label">Présentiel</span><span class="gutentor-module-accordion-icon gutentor-enabled-width"><i class="gm-aio-e0be16 gutentor-module-accordion-icon-open fas fa-angle-down"></i><i class="gm-aic-e0be16 gutentor-module-accordion-icon-close fas fa-angle-up"></i></span></span></div><div class="gm-ab-e0be16 gutentor-module-accordion-body">
<div id="section-gefb28e" class="wp-block-gutentor-e0 section-gefb28e gutentor-element gutentor-element-advanced-text"><div class="gutentor-text-wrap"><p class="gutentor-text"><strong>L</strong>i<strong>eu de formation</strong><br>Adresse et lieu communiqués d&rsquo;avance.</p></div></div>
</div></div></div>



<div id="87acb1" class="wp-block-gutentor-m6-item section-87acb1 gutentor-module gutentor-module-accordion-item"><div class="gutentor-module-accordion-panel g-a-panel-e0be16"><div class="gm-ah-e0be16 gutentor-module-accordion-item-heading gutentor-module-icon-position-right"><span class="gutentor-module-accordion-panel-handler" role="button"><span class="gutentor-module-accordion-panel-handler-label">Attestation de formation </span><span class="gutentor-module-accordion-icon gutentor-enabled-width"><i class="gm-aio-e0be16 gutentor-module-accordion-icon-open fas fa-angle-down"></i><i class="gm-aic-e0be16 gutentor-module-accordion-icon-close fas fa-angle-up"></i></span></span></div><div class="gm-ab-e0be16 gutentor-module-accordion-body">
<div id="section-gfd6657" class="wp-block-gutentor-e0 section-gfd6657 gutentor-element gutentor-element-advanced-text"><div class="gutentor-text-wrap"><p class="gutentor-text"><strong>Attestation de formation</strong><br>Une attestation de fin de parcours est délivrée par l&rsquo;organisme de formation.</p></div></div>
</div></div></div>
</div></section>



<section id="section-bf55c192-7327-4b0a-8dfa-ac117b646fa7" class="wp-block-gutentor-advanced-columns gutentor-section gutentor-advanced-columns"><div class="grid-container"><div class="grid-row">
<section id="section-1b284fa6-6561-4cee-81b8-2a57b6054941" class="wp-block-gutentor-single-column gutentor-single-column  grid-lg-4 grid-md-12 grid-12">
<section id="section-f7c61469-bf59-47f7-b2d0-b292de317632" class="wp-block-gutentor-content-box gutentor-section gutentor-content-box-wrapper content-template1"><div class="grid-container"><div class="gutentor-block-header"><div class="gutentor-section-title text-left"><h2 class="gutentor-title">Des rÉsultats probants </h2></div></div><div class="grid-row gutentor-grid-item-wrap"><div class="gutentor-grid-column grid-lg-12 grid-md-12 grid-12"><div class="gutentor-single-item gutentor-single-item-0"><div class="gutentor-single-item-wrap"><div class="gutentor-single-item-content"><h3 class="gutentor-single-item-title">Reconversions  Réussies</h3></div></div></div></div></div></div></section>



<p></p>
</section>



<section id="section-4baff9e2-e15c-4ce0-a191-fc70c59ca18f" class="wp-block-gutentor-single-column gutentor-single-column  grid-lg-8 grid-md-12 grid-12">
<section id="section-471acb9d-2851-463a-9fcd-ba2f3fc11925" class="wp-block-gutentor-content-box gutentor-section gutentor-content-box-wrapper content-template1"><div class="grid-container"><div class="grid-row gutentor-grid-item-wrap"><div class="gutentor-grid-column grid-lg-12 grid-md-12 grid-12"><div class="gutentor-single-item gutentor-single-item-0"><div class="gutentor-single-item-wrap"><div class="gutentor-single-item-content"><p class="gutentor-single-item-desc">Sur 100 personnes accompagnées, 95 réussissent à se réinsérer. La difficulté majeure est souvent liée à la prise en charge des formations à suivre, après que la voie soit trouvée. </p></div></div></div></div></div></div></section>
</section>
</div></div></section>



<p></p>
