{"id":482,"date":"2020-12-08T13:15:04","date_gmt":"2020-12-08T12:15:04","guid":{"rendered":"https:\/\/xn--lepanierdecapacits-rwb.com\/?page_id=482"},"modified":"2022-10-20T21:44:13","modified_gmt":"2022-10-20T19:44:13","slug":"orientation","status":"publish","type":"page","link":"https:\/\/xn--lepanierdecapacits-rwb.com\/?page_id=482","title":{"rendered":"&#8211; S&rsquo;ORIENTER ou SE R\u00c9ORIENTER PROFESSIONNELLEMENT (\u00e0 venir)"},"content":{"rendered":"\n<div style=\"height:150px\" aria-hidden=\"true\" class=\"wp-block-spacer\"><\/div>\n\n\n\n<section id=\"section-ffdbebae-4974-4b60-a168-6dd7e1dd4ac1\" class=\"wp-block-gutentor-advanced-columns gutentor-section gutentor-advanced-columns has-color-bg has-custom-bg\"><div class=\"grid-container\"><div class=\"grid-row\">\n<div id=\"section-97862b5e-58d3-466c-aa35-336005d2ade1\" class=\"wp-block-gutentor-single-column gutentor-single-column  grid-lg-6 grid-md-12 grid-12\">\n<div id=\"section-e8e4f277-fc6d-44d1-b289-9a58c642ea1a\" class=\"wp-block-gutentor-content-box gutentor-section gutentor-content-box-wrapper content-template1\"><div class=\"grid-container gutentor-rm-ct-space\"><div class=\"gutentor-block-header\"><div class=\"gutentor-section-title enable-title-design seperator-bottom text-left\"><h2 class=\"gutentor-title\">S&rsquo;orienter ou se r\u00e9orienter professionnellement (\u00e0 venir) <\/h2><\/div><\/div><div class=\"grid-row gutentor-grid-item-wrap\"><div class=\"gutentor-grid-column grid-lg-12 grid-md-12 grid-12\"><div class=\"gutentor-single-item gutentor-single-item-0\"><div class=\"gutentor-single-item-wrap\"><div class=\"gutentor-single-item-content\"><h3 class=\"gutentor-single-item-title\">\u00catre Dirig\u00e9(e) Professionnellement<\/h3><p class=\"gutentor-single-item-desc\">Il est important de se repositionner avec succ\u00e8s. Au cours de ce module, <br>vous apprendrez \u00e0 faire ressortir vos atouts, vous mettre en valeur de l&rsquo;int\u00e9rieur vers l&rsquo;ext\u00e9rieur.\u00a0 Ce module vous permettra \u00e9galement de <br>valoriser vos d\u00e9p\u00f4ts\u00a0naturels, doubl\u00e9s de vos exp\u00e9riences personnelles, <br>et de vos acquis de vie.<br><br>Vous d\u00e9couvrirez comment exploiter et mettre en valeur l&rsquo;ensemble des diff\u00e9rents parcours, qui font de vous un profil\u00a0 unique., capable de d\u00e9couvrir son moule\u00a0professionnel, s&rsquo;orienter\u00a0vers un secteur d&rsquo;activit\u00e9 bien d\u00e9fini. R\u00e9ussir son orientation professionnelle.<\/p><\/div><\/div><\/div><\/div><\/div><\/div><\/div>\n<\/div>\n\n\n\n<div id=\"section-7ab12a81-74fb-49e5-8c71-c0fe2e37503b\" class=\"wp-block-gutentor-single-column gutentor-single-column  grid-lg-6 grid-md-12 grid-12\">\n<div id=\"section-g6254f7\" class=\"wp-block-gutentor-e6 section-g6254f7 gutentor-element gutentor-element-image\"><div class=\"gutentor-element-image-box\"><div class=\"gutentor-image-thumb\"><img class=\"normal-image\" src=\"https:\/\/xn--lepanierdecapacits-rwb.com\/wp-content\/uploads\/2021\/04\/orientation-formation_le-panier-de-capacites.png\"\/><\/div><\/div><\/div>\n<\/div>\n<\/div><\/div><\/section>\n\n\n\n<p><\/p>\n\n\n\n<div id=\"section-g3d85eb\" class=\"wp-block-gutentor-e0 section-g3d85eb gutentor-element gutentor-element-advanced-text text-align-center-desktop\"><div class=\"gutentor-text-wrap\"><h3 class=\"gutentor-text\">Contenu et Programme<\/h3><\/div><\/div>\n\n\n\n<section id=\"5f46e9\" class=\"section-5f46e9 gutentor-module gutentor-module-accordion\"><div class=\"grid-container\">\n<div id=\"664695\" class=\"wp-block-gutentor-m6-item section-664695 gutentor-module gutentor-module-accordion-item\"><div class=\"gutentor-module-accordion-panel g-a-panel-5f46e9\"><div class=\"gm-ah-5f46e9 gutentor-module-accordion-item-heading gutentor-module-icon-position-right\"><span class=\"gutentor-module-accordion-panel-handler\" role=\"button\"><span class=\"gutentor-module-accordion-panel-handler-label\">Objectifs<\/span><span class=\"gutentor-module-accordion-icon gutentor-enabled-width\"><i class=\"gm-aio-5f46e9 gutentor-module-accordion-icon-open fas fa-angle-down\"><\/i><i class=\"gm-aic-5f46e9 gutentor-module-accordion-icon-close fas fa-angle-up\"><\/i><\/span><\/span><\/div><div class=\"gm-ab-5f46e9 gutentor-module-accordion-body\">\n<div id=\"section-gff3350\" class=\"wp-block-gutentor-e0 section-gff3350 gutentor-element gutentor-element-advanced-text\"><div class=\"gutentor-text-wrap\"><p class=\"gutentor-text\">&gt; A l&rsquo;issue de cette formation, le stagiaire sera capable de rebondir dans la vie professionnelle. Il saura mettre \u00e0 profit ses diff\u00e9rents parcours, ses acquis, ainsi que ses atouts personnels. Il pourra s&rsquo;orienter vers les secteurs d&rsquo;activit\u00e9s en ad\u00e9quation avec son profil professionnel.<\/p><\/div><\/div>\n<\/div><\/div><\/div>\n\n\n\n<div id=\"29a207\" class=\"wp-block-gutentor-m6-item section-29a207 gutentor-module gutentor-module-accordion-item\"><div class=\"gutentor-module-accordion-panel g-a-panel-5f46e9\"><div class=\"gm-ah-5f46e9 gutentor-module-accordion-item-heading gutentor-module-icon-position-right\"><span class=\"gutentor-module-accordion-panel-handler\" role=\"button\"><span class=\"gutentor-module-accordion-panel-handler-label\">Programme<\/span><span class=\"gutentor-module-accordion-icon gutentor-enabled-width\"><i class=\"gm-aio-5f46e9 gutentor-module-accordion-icon-open fas fa-angle-down\"><\/i><i class=\"gm-aic-5f46e9 gutentor-module-accordion-icon-close fas fa-angle-up\"><\/i><\/span><\/span><\/div><div class=\"gm-ab-5f46e9 gutentor-module-accordion-body\">\n<div id=\"section-g2f9962\" class=\"wp-block-gutentor-e0 section-g2f9962 gutentor-element gutentor-element-advanced-text\"><div class=\"gutentor-text-wrap\"><p class=\"gutentor-text\"><strong>Sp\u00e9cifique<\/strong><br>Communiqu\u00e9 sur demande<\/p><\/div><\/div>\n<\/div><\/div><\/div>\n\n\n\n<div id=\"f0545a\" class=\"wp-block-gutentor-m6-item section-f0545a gutentor-module gutentor-module-accordion-item\"><div class=\"gutentor-module-accordion-panel g-a-panel-5f46e9\"><div class=\"gm-ah-5f46e9 gutentor-module-accordion-item-heading gutentor-module-icon-position-right\"><span class=\"gutentor-module-accordion-panel-handler\" role=\"button\"><span class=\"gutentor-module-accordion-panel-handler-label\">E-cours<\/span><span class=\"gutentor-module-accordion-icon gutentor-enabled-width\"><i class=\"gm-aio-5f46e9 gutentor-module-accordion-icon-open fas fa-angle-down\"><\/i><i class=\"gm-aic-5f46e9 gutentor-module-accordion-icon-close fas fa-angle-up\"><\/i><\/span><\/span><\/div><div class=\"gm-ab-5f46e9 gutentor-module-accordion-body\">\n<div id=\"section-g90f28c\" class=\"wp-block-gutentor-e0 section-g90f28c gutentor-element gutentor-element-advanced-text\"><div class=\"gutentor-text-wrap\"><p class=\"gutentor-text\"><strong>E-formation<br><\/strong>Dispens\u00e9e en 7h00. <\/p><\/div><\/div>\n<\/div><\/div><\/div>\n\n\n\n<div id=\"56cc8c\" class=\"wp-block-gutentor-m6-item section-56cc8c gutentor-module gutentor-module-accordion-item\"><div class=\"gutentor-module-accordion-panel g-a-panel-5f46e9\"><div class=\"gm-ah-5f46e9 gutentor-module-accordion-item-heading gutentor-module-icon-position-right\"><span class=\"gutentor-module-accordion-panel-handler\" role=\"button\"><span class=\"gutentor-module-accordion-panel-handler-label\">Pr\u00e9sentiel<\/span><span class=\"gutentor-module-accordion-icon gutentor-enabled-width\"><i class=\"gm-aio-5f46e9 gutentor-module-accordion-icon-open fas fa-angle-down\"><\/i><i class=\"gm-aic-5f46e9 gutentor-module-accordion-icon-close fas fa-angle-up\"><\/i><\/span><\/span><\/div><div class=\"gm-ab-5f46e9 gutentor-module-accordion-body\">\n<div id=\"section-g8b61c8\" class=\"wp-block-gutentor-e0 section-g8b61c8 gutentor-element gutentor-element-advanced-text\"><div class=\"gutentor-text-wrap\"><p class=\"gutentor-text\"><strong>Lieu de formation<\/strong><br>Une attestation de fin de parcours est d\u00e9livr\u00e9e par l&rsquo;organisme de formation.<\/p><\/div><\/div>\n<\/div><\/div><\/div>\n\n\n\n<div id=\"2bff9a\" class=\"wp-block-gutentor-m6-item section-2bff9a gutentor-module gutentor-module-accordion-item\"><div class=\"gutentor-module-accordion-panel g-a-panel-5f46e9\"><div class=\"gm-ah-5f46e9 gutentor-module-accordion-item-heading gutentor-module-icon-position-right\"><span class=\"gutentor-module-accordion-panel-handler\" role=\"button\"><span class=\"gutentor-module-accordion-panel-handler-label\">Attestation de formation<\/span><span class=\"gutentor-module-accordion-icon gutentor-enabled-width\"><i class=\"gm-aio-5f46e9 gutentor-module-accordion-icon-open fas fa-angle-down\"><\/i><i class=\"gm-aic-5f46e9 gutentor-module-accordion-icon-close fas fa-angle-up\"><\/i><\/span><\/span><\/div><div class=\"gm-ab-5f46e9 gutentor-module-accordion-body\">\n<div id=\"section-g98e6b7\" class=\"wp-block-gutentor-e0 section-g98e6b7 gutentor-element gutentor-element-advanced-text\"><div class=\"gutentor-text-wrap\"><p class=\"gutentor-text\"><strong>Attestation de formation<\/strong><br>D\u00e9livrance d&rsquo;une attestation reconnue par l&rsquo;\u00e9tat. <\/p><\/div><\/div>\n<\/div><\/div><\/div>\n<\/div><\/section>\n\n\n\n<section id=\"section-f1258e16-4bbe-4603-93eb-93e48c77e7e3\" class=\"wp-block-gutentor-advanced-columns gutentor-section gutentor-advanced-columns\"><div class=\"grid-container\"><div class=\"grid-row\">\n<section id=\"section-bd3926b9-7bc8-4ffc-816c-d20a5bf69705\" class=\"wp-block-gutentor-single-column gutentor-single-column  grid-lg-4 grid-md-12 grid-12\">\n<section id=\"section-dc6cc567-49c3-48e9-8197-40f9525b461d\" class=\"wp-block-gutentor-content-box gutentor-section gutentor-content-box-wrapper content-template1\"><div class=\"grid-container\"><div class=\"gutentor-block-header\"><div class=\"gutentor-section-title text-left\"><h2 class=\"gutentor-title\">Des r\u00c9sultats probants <\/h2><\/div><\/div><div class=\"grid-row gutentor-grid-item-wrap\"><div class=\"gutentor-grid-column grid-lg-12 grid-md-12 grid-12\"><div class=\"gutentor-single-item gutentor-single-item-0\"><div class=\"gutentor-single-item-wrap\"><div class=\"gutentor-single-item-content\"><h3 class=\"gutentor-single-item-title\">Reconversions  R\u00e9ussies<\/h3><\/div><\/div><\/div><\/div><\/div><\/div><\/section>\n\n\n\n<p><\/p>\n<\/section>\n\n\n\n<section id=\"section-6576db41-fcea-4358-b6db-fbb7c20f6bbc\" class=\"wp-block-gutentor-single-column gutentor-single-column  grid-lg-8 grid-md-12 grid-12\">\n<section id=\"section-1d76bb24-090a-4386-83d2-d90ce71f11fb\" class=\"wp-block-gutentor-content-box gutentor-section gutentor-content-box-wrapper content-template1\"><div class=\"grid-container\"><div class=\"grid-row gutentor-grid-item-wrap\"><div class=\"gutentor-grid-column grid-lg-12 grid-md-12 grid-12\"><div class=\"gutentor-single-item gutentor-single-item-0\"><div class=\"gutentor-single-item-wrap\"><div class=\"gutentor-single-item-content\"><p class=\"gutentor-single-item-desc\">Sur 100 personnes accompagn\u00e9es, 95 r\u00e9ussissent \u00e0 se r\u00e9ins\u00e9rer. La difficult\u00e9 majeure est souvent <br>li\u00e9e \u00e0 la prise en charge des formations \u00e0 suivre, apr\u00e8s que la voie soit trouv\u00e9e.<\/p><\/div><\/div><\/div><\/div><\/div><\/div><\/section>\n<\/section>\n<\/div><\/div><\/section>\n\n\n\n<p><\/p>\n","protected":false},"excerpt":{"rendered":"","protected":false},"author":1,"featured_media":0,"parent":488,"menu_order":4,"comment_status":"closed","ping_status":"closed","template":"template-gutentor-full-width.php","meta":[],"_links":{"self":[{"href":"https:\/\/xn--lepanierdecapacits-rwb.com\/index.php?rest_route=\/wp\/v2\/pages\/482"}],"collection":[{"href":"https:\/\/xn--lepanierdecapacits-rwb.com\/index.php?rest_route=\/wp\/v2\/pages"}],"about":[{"href":"https:\/\/xn--lepanierdecapacits-rwb.com\/index.php?rest_route=\/wp\/v2\/types\/page"}],"author":[{"embeddable":true,"href":"https:\/\/xn--lepanierdecapacits-rwb.com\/index.php?rest_route=\/wp\/v2\/users\/1"}],"replies":[{"embeddable":true,"href":"https:\/\/xn--lepanierdecapacits-rwb.com\/index.php?rest_route=%2Fwp%2Fv2%2Fcomments&post=482"}],"version-history":[{"count":21,"href":"https:\/\/xn--lepanierdecapacits-rwb.com\/index.php?rest_route=\/wp\/v2\/pages\/482\/revisions"}],"predecessor-version":[{"id":1603,"href":"https:\/\/xn--lepanierdecapacits-rwb.com\/index.php?rest_route=\/wp\/v2\/pages\/482\/revisions\/1603"}],"up":[{"embeddable":true,"href":"https:\/\/xn--lepanierdecapacits-rwb.com\/index.php?rest_route=\/wp\/v2\/pages\/488"}],"wp:attachment":[{"href":"https:\/\/xn--lepanierdecapacits-rwb.com\/index.php?rest_route=%2Fwp%2Fv2%2Fmedia&parent=482"}],"curies":[{"name":"wp","href":"https:\/\/api.w.org\/{rel}","templated":true}]}}

&#8211; S&rsquo;ORIENTER ou SE RÉORIENTER PROFESSIONNELLEMENT (à venir)

<div style="height:150px" aria-hidden="true" class="wp-block-spacer"></div>



<section id="section-ffdbebae-4974-4b60-a168-6dd7e1dd4ac1" class="wp-block-gutentor-advanced-columns gutentor-section gutentor-advanced-columns has-color-bg has-custom-bg"><div class="grid-container"><div class="grid-row">
<div id="section-97862b5e-58d3-466c-aa35-336005d2ade1" class="wp-block-gutentor-single-column gutentor-single-column  grid-lg-6 grid-md-12 grid-12">
<div id="section-e8e4f277-fc6d-44d1-b289-9a58c642ea1a" class="wp-block-gutentor-content-box gutentor-section gutentor-content-box-wrapper content-template1"><div class="grid-container gutentor-rm-ct-space"><div class="gutentor-block-header"><div class="gutentor-section-title enable-title-design seperator-bottom text-left"><h2 class="gutentor-title">S&rsquo;orienter ou se réorienter professionnellement (à venir) </h2></div></div><div class="grid-row gutentor-grid-item-wrap"><div class="gutentor-grid-column grid-lg-12 grid-md-12 grid-12"><div class="gutentor-single-item gutentor-single-item-0"><div class="gutentor-single-item-wrap"><div class="gutentor-single-item-content"><h3 class="gutentor-single-item-title">Être Dirigé(e) Professionnellement</h3><p class="gutentor-single-item-desc">Il est important de se repositionner avec succès. Au cours de ce module, <br>vous apprendrez à faire ressortir vos atouts, vous mettre en valeur de l&rsquo;intérieur vers l&rsquo;extérieur.  Ce module vous permettra également de <br>valoriser vos dépôts naturels, doublés de vos expériences personnelles, <br>et de vos acquis de vie.<br><br>Vous découvrirez comment exploiter et mettre en valeur l&rsquo;ensemble des différents parcours, qui font de vous un profil  unique., capable de découvrir son moule professionnel, s&rsquo;orienter vers un secteur d&rsquo;activité bien défini. Réussir son orientation professionnelle.</p></div></div></div></div></div></div></div>
</div>



<div id="section-7ab12a81-74fb-49e5-8c71-c0fe2e37503b" class="wp-block-gutentor-single-column gutentor-single-column  grid-lg-6 grid-md-12 grid-12">
<div id="section-g6254f7" class="wp-block-gutentor-e6 section-g6254f7 gutentor-element gutentor-element-image"><div class="gutentor-element-image-box"><div class="gutentor-image-thumb"><img class="normal-image" src="https://xn--lepanierdecapacits-rwb.com/wp-content/uploads/2021/04/orientation-formation_le-panier-de-capacites.png"/></div></div></div>
</div>
</div></div></section>



<p></p>



<div id="section-g3d85eb" class="wp-block-gutentor-e0 section-g3d85eb gutentor-element gutentor-element-advanced-text text-align-center-desktop"><div class="gutentor-text-wrap"><h3 class="gutentor-text">Contenu et Programme</h3></div></div>



<section id="5f46e9" class="section-5f46e9 gutentor-module gutentor-module-accordion"><div class="grid-container">
<div id="664695" class="wp-block-gutentor-m6-item section-664695 gutentor-module gutentor-module-accordion-item"><div class="gutentor-module-accordion-panel g-a-panel-5f46e9"><div class="gm-ah-5f46e9 gutentor-module-accordion-item-heading gutentor-module-icon-position-right"><span class="gutentor-module-accordion-panel-handler" role="button"><span class="gutentor-module-accordion-panel-handler-label">Objectifs</span><span class="gutentor-module-accordion-icon gutentor-enabled-width"><i class="gm-aio-5f46e9 gutentor-module-accordion-icon-open fas fa-angle-down"></i><i class="gm-aic-5f46e9 gutentor-module-accordion-icon-close fas fa-angle-up"></i></span></span></div><div class="gm-ab-5f46e9 gutentor-module-accordion-body">
<div id="section-gff3350" class="wp-block-gutentor-e0 section-gff3350 gutentor-element gutentor-element-advanced-text"><div class="gutentor-text-wrap"><p class="gutentor-text">&gt; A l&rsquo;issue de cette formation, le stagiaire sera capable de rebondir dans la vie professionnelle. Il saura mettre à profit ses différents parcours, ses acquis, ainsi que ses atouts personnels. Il pourra s&rsquo;orienter vers les secteurs d&rsquo;activités en adéquation avec son profil professionnel.</p></div></div>
</div></div></div>



<div id="29a207" class="wp-block-gutentor-m6-item section-29a207 gutentor-module gutentor-module-accordion-item"><div class="gutentor-module-accordion-panel g-a-panel-5f46e9"><div class="gm-ah-5f46e9 gutentor-module-accordion-item-heading gutentor-module-icon-position-right"><span class="gutentor-module-accordion-panel-handler" role="button"><span class="gutentor-module-accordion-panel-handler-label">Programme</span><span class="gutentor-module-accordion-icon gutentor-enabled-width"><i class="gm-aio-5f46e9 gutentor-module-accordion-icon-open fas fa-angle-down"></i><i class="gm-aic-5f46e9 gutentor-module-accordion-icon-close fas fa-angle-up"></i></span></span></div><div class="gm-ab-5f46e9 gutentor-module-accordion-body">
<div id="section-g2f9962" class="wp-block-gutentor-e0 section-g2f9962 gutentor-element gutentor-element-advanced-text"><div class="gutentor-text-wrap"><p class="gutentor-text"><strong>Spécifique</strong><br>Communiqué sur demande</p></div></div>
</div></div></div>



<div id="f0545a" class="wp-block-gutentor-m6-item section-f0545a gutentor-module gutentor-module-accordion-item"><div class="gutentor-module-accordion-panel g-a-panel-5f46e9"><div class="gm-ah-5f46e9 gutentor-module-accordion-item-heading gutentor-module-icon-position-right"><span class="gutentor-module-accordion-panel-handler" role="button"><span class="gutentor-module-accordion-panel-handler-label">E-cours</span><span class="gutentor-module-accordion-icon gutentor-enabled-width"><i class="gm-aio-5f46e9 gutentor-module-accordion-icon-open fas fa-angle-down"></i><i class="gm-aic-5f46e9 gutentor-module-accordion-icon-close fas fa-angle-up"></i></span></span></div><div class="gm-ab-5f46e9 gutentor-module-accordion-body">
<div id="section-g90f28c" class="wp-block-gutentor-e0 section-g90f28c gutentor-element gutentor-element-advanced-text"><div class="gutentor-text-wrap"><p class="gutentor-text"><strong>E-formation<br></strong>Dispensée en 7h00. </p></div></div>
</div></div></div>



<div id="56cc8c" class="wp-block-gutentor-m6-item section-56cc8c gutentor-module gutentor-module-accordion-item"><div class="gutentor-module-accordion-panel g-a-panel-5f46e9"><div class="gm-ah-5f46e9 gutentor-module-accordion-item-heading gutentor-module-icon-position-right"><span class="gutentor-module-accordion-panel-handler" role="button"><span class="gutentor-module-accordion-panel-handler-label">Présentiel</span><span class="gutentor-module-accordion-icon gutentor-enabled-width"><i class="gm-aio-5f46e9 gutentor-module-accordion-icon-open fas fa-angle-down"></i><i class="gm-aic-5f46e9 gutentor-module-accordion-icon-close fas fa-angle-up"></i></span></span></div><div class="gm-ab-5f46e9 gutentor-module-accordion-body">
<div id="section-g8b61c8" class="wp-block-gutentor-e0 section-g8b61c8 gutentor-element gutentor-element-advanced-text"><div class="gutentor-text-wrap"><p class="gutentor-text"><strong>Lieu de formation</strong><br>Une attestation de fin de parcours est délivrée par l&rsquo;organisme de formation.</p></div></div>
</div></div></div>



<div id="2bff9a" class="wp-block-gutentor-m6-item section-2bff9a gutentor-module gutentor-module-accordion-item"><div class="gutentor-module-accordion-panel g-a-panel-5f46e9"><div class="gm-ah-5f46e9 gutentor-module-accordion-item-heading gutentor-module-icon-position-right"><span class="gutentor-module-accordion-panel-handler" role="button"><span class="gutentor-module-accordion-panel-handler-label">Attestation de formation</span><span class="gutentor-module-accordion-icon gutentor-enabled-width"><i class="gm-aio-5f46e9 gutentor-module-accordion-icon-open fas fa-angle-down"></i><i class="gm-aic-5f46e9 gutentor-module-accordion-icon-close fas fa-angle-up"></i></span></span></div><div class="gm-ab-5f46e9 gutentor-module-accordion-body">
<div id="section-g98e6b7" class="wp-block-gutentor-e0 section-g98e6b7 gutentor-element gutentor-element-advanced-text"><div class="gutentor-text-wrap"><p class="gutentor-text"><strong>Attestation de formation</strong><br>Délivrance d&rsquo;une attestation reconnue par l&rsquo;état. </p></div></div>
</div></div></div>
</div></section>



<section id="section-f1258e16-4bbe-4603-93eb-93e48c77e7e3" class="wp-block-gutentor-advanced-columns gutentor-section gutentor-advanced-columns"><div class="grid-container"><div class="grid-row">
<section id="section-bd3926b9-7bc8-4ffc-816c-d20a5bf69705" class="wp-block-gutentor-single-column gutentor-single-column  grid-lg-4 grid-md-12 grid-12">
<section id="section-dc6cc567-49c3-48e9-8197-40f9525b461d" class="wp-block-gutentor-content-box gutentor-section gutentor-content-box-wrapper content-template1"><div class="grid-container"><div class="gutentor-block-header"><div class="gutentor-section-title text-left"><h2 class="gutentor-title">Des rÉsultats probants </h2></div></div><div class="grid-row gutentor-grid-item-wrap"><div class="gutentor-grid-column grid-lg-12 grid-md-12 grid-12"><div class="gutentor-single-item gutentor-single-item-0"><div class="gutentor-single-item-wrap"><div class="gutentor-single-item-content"><h3 class="gutentor-single-item-title">Reconversions  Réussies</h3></div></div></div></div></div></div></section>



<p></p>
</section>



<section id="section-6576db41-fcea-4358-b6db-fbb7c20f6bbc" class="wp-block-gutentor-single-column gutentor-single-column  grid-lg-8 grid-md-12 grid-12">
<section id="section-1d76bb24-090a-4386-83d2-d90ce71f11fb" class="wp-block-gutentor-content-box gutentor-section gutentor-content-box-wrapper content-template1"><div class="grid-container"><div class="grid-row gutentor-grid-item-wrap"><div class="gutentor-grid-column grid-lg-12 grid-md-12 grid-12"><div class="gutentor-single-item gutentor-single-item-0"><div class="gutentor-single-item-wrap"><div class="gutentor-single-item-content"><p class="gutentor-single-item-desc">Sur 100 personnes accompagnées, 95 réussissent à se réinsérer. La difficulté majeure est souvent <br>liée à la prise en charge des formations à suivre, après que la voie soit trouvée.</p></div></div></div></div></div></div></section>
</section>
</div></div></section>



<p></p>
