{"id":486,"date":"2020-12-08T13:22:43","date_gmt":"2020-12-08T12:22:43","guid":{"rendered":"https:\/\/xn--lepanierdecapacits-rwb.com\/?page_id=486"},"modified":"2022-08-29T17:52:29","modified_gmt":"2022-08-29T15:52:29","slug":"se-vendre-differemment","status":"publish","type":"page","link":"https:\/\/xn--lepanierdecapacits-rwb.com\/?page_id=486","title":{"rendered":"&#8211; SE PROMOUVOIR DIFF\u00c9REMMENT (\u00e0 venir)"},"content":{"rendered":"\n<div style=\"height:150px\" aria-hidden=\"true\" class=\"wp-block-spacer\"><\/div>\n\n\n\n<section id=\"section-579d7db1-7626-4825-8948-a80b5f862f5a\" class=\"wp-block-gutentor-advanced-columns gutentor-section gutentor-advanced-columns has-color-bg has-custom-bg\"><div class=\"grid-container\"><div class=\"grid-row\">\n<div id=\"section-42fb27cb-f993-45f9-987a-7616f9caa3cf\" class=\"wp-block-gutentor-single-column gutentor-single-column  grid-lg-6 grid-md-12 grid-12\">\n<div id=\"section-0721a087-7855-4316-975d-6772d97caaae\" class=\"wp-block-gutentor-content-box gutentor-section gutentor-content-box-wrapper content-template1\"><div class=\"grid-container gutentor-rm-ct-space\"><div class=\"gutentor-block-header\"><div class=\"gutentor-section-title enable-title-design seperator-bottom text-left\"><h2 class=\"gutentor-title\">Se promouvoir diff\u00e9remment (\u00e0 venir)<\/h2><\/div><\/div><div class=\"grid-row gutentor-grid-item-wrap\"><div class=\"gutentor-grid-column grid-lg-12 grid-md-12 grid-12\"><div class=\"gutentor-single-item gutentor-single-item-0\"><div class=\"gutentor-single-item-wrap\"><div class=\"gutentor-single-item-content\"><h3 class=\"gutentor-single-item-title\">Savoir se distinguer<\/h3><p class=\"gutentor-single-item-desc\">Il est important de savoir se promouvoir. Cela n\u00e9cessite\u00a0une connaissance <br>de ses atouts et une capacit\u00e9 de mise en valeur\u00a0de soi,\u00a0de l&rsquo;int\u00e9rieur vers l&rsquo;ext\u00e9rieur.\u00a0Ce module vous permettra d&rsquo;acqu\u00e9rir les bases d&rsquo;un marketing <br>de soi, permettant de vous distinguer par vos d\u00e9p\u00f4ts naturels, vos comp\u00e9tences et exp\u00e9riences professionnelles.<br><br>Tous ces ingr\u00e9dients vous conduiront \u00e0 vous valoriser et vous positionner comme une personne unique, sp\u00e9ciale. Vous serez ainsi capable de rebondir vers d&rsquo;autres secteurs d&rsquo;activit\u00e9s, avec aisance et assurance.<\/p><\/div><\/div><\/div><\/div><\/div><\/div><\/div>\n<\/div>\n\n\n\n<div id=\"section-fef467e7-ec65-43ad-97c2-ff211308f4f4\" class=\"wp-block-gutentor-single-column gutentor-single-column  grid-lg-6 grid-md-12 grid-12\">\n<div id=\"section-g56d5cf\" class=\"wp-block-gutentor-e6 section-g56d5cf gutentor-element gutentor-element-image\"><div class=\"gutentor-element-image-box\"><div class=\"gutentor-image-thumb\"><img class=\"normal-image\" src=\"https:\/\/xn--lepanierdecapacits-rwb.com\/wp-content\/uploads\/2021\/05\/SE-PROMOUVOIR-DIFFEREMENT.png\"\/><\/div><\/div><\/div>\n<\/div>\n<\/div><\/div><\/section>\n\n\n\n<p><\/p>\n\n\n\n<div id=\"section-gf6a727\" class=\"wp-block-gutentor-e0 section-gf6a727 gutentor-element gutentor-element-advanced-text text-align-center-desktop\"><div class=\"gutentor-text-wrap\"><h3 class=\"gutentor-text\">Contenu et Programme<\/h3><\/div><\/div>\n\n\n\n<section id=\"ba0805\" class=\"section-ba0805 gutentor-module gutentor-module-accordion\"><div class=\"grid-container\">\n<div id=\"583d3c\" class=\"wp-block-gutentor-m6-item section-583d3c gutentor-module gutentor-module-accordion-item\"><div class=\"gutentor-module-accordion-panel g-a-panel-ba0805\"><div class=\"gm-ah-ba0805 gutentor-module-accordion-item-heading gutentor-module-icon-position-right\"><span class=\"gutentor-module-accordion-panel-handler\" role=\"button\"><span class=\"gutentor-module-accordion-panel-handler-label\">Objectifs<\/span><span class=\"gutentor-module-accordion-icon gutentor-enabled-width\"><i class=\"gm-aio-ba0805 gutentor-module-accordion-icon-open fas fa-angle-down\"><\/i><i class=\"gm-aic-ba0805 gutentor-module-accordion-icon-close fas fa-angle-up\"><\/i><\/span><\/span><\/div><div class=\"gm-ab-ba0805 gutentor-module-accordion-body\">\n<div id=\"section-gbb591a\" class=\"wp-block-gutentor-e0 section-gbb591a gutentor-element gutentor-element-advanced-text\"><div class=\"gutentor-text-wrap\"><p class=\"gutentor-text\">&gt;  \u00c0 l&rsquo;issue de cette formation, le stagiaire sera capable de se positionner diff\u00e9remment dans le march\u00e9 du travail. Il aura acquis les bases d&rsquo;un marketing de soi, qu&rsquo;il saura valoriser lors d&rsquo;un entretien d&#8217;embauche.<\/p><\/div><\/div>\n<\/div><\/div><\/div>\n\n\n\n<div id=\"b85ad4\" class=\"wp-block-gutentor-m6-item section-b85ad4 gutentor-module gutentor-module-accordion-item\"><div class=\"gutentor-module-accordion-panel g-a-panel-ba0805\"><div class=\"gm-ah-ba0805 gutentor-module-accordion-item-heading gutentor-module-icon-position-right\"><span class=\"gutentor-module-accordion-panel-handler\" role=\"button\"><span class=\"gutentor-module-accordion-panel-handler-label\">Programme<\/span><span class=\"gutentor-module-accordion-icon gutentor-enabled-width\"><i class=\"gm-aio-ba0805 gutentor-module-accordion-icon-open fas fa-angle-down\"><\/i><i class=\"gm-aic-ba0805 gutentor-module-accordion-icon-close fas fa-angle-up\"><\/i><\/span><\/span><\/div><div class=\"gm-ab-ba0805 gutentor-module-accordion-body\">\n<div id=\"section-gf4ae66\" class=\"wp-block-gutentor-e0 section-gf4ae66 gutentor-element gutentor-element-advanced-text\"><div class=\"gutentor-text-wrap\"><p class=\"gutentor-text\"><strong>Sp\u00e9cifique<\/strong><br>Communiqu\u00e9 sur demande<\/p><\/div><\/div>\n<\/div><\/div><\/div>\n\n\n\n<div id=\"b37a53\" class=\"wp-block-gutentor-m6-item section-b37a53 gutentor-module gutentor-module-accordion-item\"><div class=\"gutentor-module-accordion-panel g-a-panel-ba0805\"><div class=\"gm-ah-ba0805 gutentor-module-accordion-item-heading gutentor-module-icon-position-right\"><span class=\"gutentor-module-accordion-panel-handler\" role=\"button\"><span class=\"gutentor-module-accordion-panel-handler-label\">E-cours<\/span><span class=\"gutentor-module-accordion-icon gutentor-enabled-width\"><i class=\"gm-aio-ba0805 gutentor-module-accordion-icon-open fas fa-angle-down\"><\/i><i class=\"gm-aic-ba0805 gutentor-module-accordion-icon-close fas fa-angle-up\"><\/i><\/span><\/span><\/div><div class=\"gm-ab-ba0805 gutentor-module-accordion-body\">\n<div id=\"section-geb7e23\" class=\"wp-block-gutentor-e0 section-geb7e23 gutentor-element gutentor-element-advanced-text\"><div class=\"gutentor-text-wrap\"><p class=\"gutentor-text\"><strong>E-formation<\/strong><br>Dispens\u00e9 en 7h00.<\/p><\/div><\/div>\n<\/div><\/div><\/div>\n\n\n\n<div id=\"3ec98d\" class=\"wp-block-gutentor-m6-item section-3ec98d gutentor-module gutentor-module-accordion-item\"><div class=\"gutentor-module-accordion-panel g-a-panel-ba0805\"><div class=\"gm-ah-ba0805 gutentor-module-accordion-item-heading gutentor-module-icon-position-right\"><span class=\"gutentor-module-accordion-panel-handler\" role=\"button\"><span class=\"gutentor-module-accordion-panel-handler-label\">Pr\u00e9sentiel<\/span><span class=\"gutentor-module-accordion-icon gutentor-enabled-width\"><i class=\"gm-aio-ba0805 gutentor-module-accordion-icon-open fas fa-angle-down\"><\/i><i class=\"gm-aic-ba0805 gutentor-module-accordion-icon-close fas fa-angle-up\"><\/i><\/span><\/span><\/div><div class=\"gm-ab-ba0805 gutentor-module-accordion-body\">\n<div id=\"section-g78dd9e\" class=\"wp-block-gutentor-e0 section-g78dd9e gutentor-element gutentor-element-advanced-text\"><div class=\"gutentor-text-wrap\"><p class=\"gutentor-text\"><strong>Lieu de formation<\/strong><br>Adresse et lieu communiqu\u00e9s d&rsquo;avance.<\/p><\/div><\/div>\n<\/div><\/div><\/div>\n\n\n\n<div id=\"f55b8a\" class=\"wp-block-gutentor-m6-item section-f55b8a gutentor-module gutentor-module-accordion-item\"><div class=\"gutentor-module-accordion-panel g-a-panel-ba0805\"><div class=\"gm-ah-ba0805 gutentor-module-accordion-item-heading gutentor-module-icon-position-right\"><span class=\"gutentor-module-accordion-panel-handler\" role=\"button\"><span class=\"gutentor-module-accordion-panel-handler-label\">Attestation de formation<\/span><span class=\"gutentor-module-accordion-icon gutentor-enabled-width\"><i class=\"gm-aio-ba0805 gutentor-module-accordion-icon-open fas fa-angle-down\"><\/i><i class=\"gm-aic-ba0805 gutentor-module-accordion-icon-close fas fa-angle-up\"><\/i><\/span><\/span><\/div><div class=\"gm-ab-ba0805 gutentor-module-accordion-body\">\n<div id=\"section-g97f4ce\" class=\"wp-block-gutentor-e0 section-g97f4ce gutentor-element gutentor-element-advanced-text\"><div class=\"gutentor-text-wrap\"><p class=\"gutentor-text\"><strong>Attestation de formation<\/strong><br>Une attestation de fin de parcours est d\u00e9livr\u00e9e par l&rsquo;organisme de formation.<\/p><\/div><\/div>\n<\/div><\/div><\/div>\n<\/div><\/section>\n\n\n\n<section id=\"section-78c7ce10-004b-4970-8b73-969cc0f56d16\" class=\"wp-block-gutentor-advanced-columns gutentor-section gutentor-advanced-columns\"><div class=\"grid-container\"><div class=\"grid-row\">\n<section id=\"section-4b949b8e-cea5-4af5-9431-16549d7600f2\" class=\"wp-block-gutentor-single-column gutentor-single-column  grid-lg-4 grid-md-12 grid-12\">\n<section id=\"section-d0e39e54-8da4-4e72-b59d-3fcd0dbeed7b\" class=\"wp-block-gutentor-content-box gutentor-section gutentor-content-box-wrapper content-template1\"><div class=\"grid-container\"><div class=\"gutentor-block-header\"><div class=\"gutentor-section-title text-left\"><h2 class=\"gutentor-title\">Des r\u00c9sultats probants <\/h2><\/div><\/div><div class=\"grid-row gutentor-grid-item-wrap\"><div class=\"gutentor-grid-column grid-lg-12 grid-md-12 grid-12\"><div class=\"gutentor-single-item gutentor-single-item-0\"><div class=\"gutentor-single-item-wrap\"><div class=\"gutentor-single-item-content\"><h3 class=\"gutentor-single-item-title\">Reconversions  R\u00e9ussies<\/h3><\/div><\/div><\/div><\/div><\/div><\/div><\/section>\n\n\n\n<p><\/p>\n<\/section>\n\n\n\n<section id=\"section-d9f91393-ccbc-4a73-b418-cc7a877bb4b9\" class=\"wp-block-gutentor-single-column gutentor-single-column  grid-lg-8 grid-md-12 grid-12\">\n<section id=\"section-ddecc60d-a0f6-4421-9cd3-0da3c780cc24\" class=\"wp-block-gutentor-content-box gutentor-section gutentor-content-box-wrapper content-template1\"><div class=\"grid-container\"><div class=\"grid-row gutentor-grid-item-wrap\"><div class=\"gutentor-grid-column grid-lg-12 grid-md-12 grid-12\"><div class=\"gutentor-single-item gutentor-single-item-0\"><div class=\"gutentor-single-item-wrap\"><div class=\"gutentor-single-item-content\"><p class=\"gutentor-single-item-desc\">Sur 100 personnes accompagn\u00e9es, tous trouvent leur couloir et 95 r\u00e9ussissent \u00e0 se r\u00e9ins\u00e9rer. La difficult\u00e9 majeure est souvent li\u00e9e \u00e0 la prise en charge des formations \u00e0 suivre, apr\u00e8s que la voie soit trouv\u00e9e.<\/p><\/div><\/div><\/div><\/div><\/div><\/div><\/section>\n<\/section>\n<\/div><\/div><\/section>\n\n\n\n<p><\/p>\n","protected":false},"excerpt":{"rendered":"","protected":false},"author":1,"featured_media":0,"parent":488,"menu_order":6,"comment_status":"closed","ping_status":"closed","template":"template-gutentor-full-width.php","meta":[],"_links":{"self":[{"href":"https:\/\/xn--lepanierdecapacits-rwb.com\/index.php?rest_route=\/wp\/v2\/pages\/486"}],"collection":[{"href":"https:\/\/xn--lepanierdecapacits-rwb.com\/index.php?rest_route=\/wp\/v2\/pages"}],"about":[{"href":"https:\/\/xn--lepanierdecapacits-rwb.com\/index.php?rest_route=\/wp\/v2\/types\/page"}],"author":[{"embeddable":true,"href":"https:\/\/xn--lepanierdecapacits-rwb.com\/index.php?rest_route=\/wp\/v2\/users\/1"}],"replies":[{"embeddable":true,"href":"https:\/\/xn--lepanierdecapacits-rwb.com\/index.php?rest_route=%2Fwp%2Fv2%2Fcomments&post=486"}],"version-history":[{"count":10,"href":"https:\/\/xn--lepanierdecapacits-rwb.com\/index.php?rest_route=\/wp\/v2\/pages\/486\/revisions"}],"predecessor-version":[{"id":1565,"href":"https:\/\/xn--lepanierdecapacits-rwb.com\/index.php?rest_route=\/wp\/v2\/pages\/486\/revisions\/1565"}],"up":[{"embeddable":true,"href":"https:\/\/xn--lepanierdecapacits-rwb.com\/index.php?rest_route=\/wp\/v2\/pages\/488"}],"wp:attachment":[{"href":"https:\/\/xn--lepanierdecapacits-rwb.com\/index.php?rest_route=%2Fwp%2Fv2%2Fmedia&parent=486"}],"curies":[{"name":"wp","href":"https:\/\/api.w.org\/{rel}","templated":true}]}}

&#8211; SE PROMOUVOIR DIFFÉREMMENT (à venir)

<div style="height:150px" aria-hidden="true" class="wp-block-spacer"></div>



<section id="section-579d7db1-7626-4825-8948-a80b5f862f5a" class="wp-block-gutentor-advanced-columns gutentor-section gutentor-advanced-columns has-color-bg has-custom-bg"><div class="grid-container"><div class="grid-row">
<div id="section-42fb27cb-f993-45f9-987a-7616f9caa3cf" class="wp-block-gutentor-single-column gutentor-single-column  grid-lg-6 grid-md-12 grid-12">
<div id="section-0721a087-7855-4316-975d-6772d97caaae" class="wp-block-gutentor-content-box gutentor-section gutentor-content-box-wrapper content-template1"><div class="grid-container gutentor-rm-ct-space"><div class="gutentor-block-header"><div class="gutentor-section-title enable-title-design seperator-bottom text-left"><h2 class="gutentor-title">Se promouvoir différemment (à venir)</h2></div></div><div class="grid-row gutentor-grid-item-wrap"><div class="gutentor-grid-column grid-lg-12 grid-md-12 grid-12"><div class="gutentor-single-item gutentor-single-item-0"><div class="gutentor-single-item-wrap"><div class="gutentor-single-item-content"><h3 class="gutentor-single-item-title">Savoir se distinguer</h3><p class="gutentor-single-item-desc">Il est important de savoir se promouvoir. Cela nécessite une connaissance <br>de ses atouts et une capacité de mise en valeur de soi, de l&rsquo;intérieur vers l&rsquo;extérieur. Ce module vous permettra d&rsquo;acquérir les bases d&rsquo;un marketing <br>de soi, permettant de vous distinguer par vos dépôts naturels, vos compétences et expériences professionnelles.<br><br>Tous ces ingrédients vous conduiront à vous valoriser et vous positionner comme une personne unique, spéciale. Vous serez ainsi capable de rebondir vers d&rsquo;autres secteurs d&rsquo;activités, avec aisance et assurance.</p></div></div></div></div></div></div></div>
</div>



<div id="section-fef467e7-ec65-43ad-97c2-ff211308f4f4" class="wp-block-gutentor-single-column gutentor-single-column  grid-lg-6 grid-md-12 grid-12">
<div id="section-g56d5cf" class="wp-block-gutentor-e6 section-g56d5cf gutentor-element gutentor-element-image"><div class="gutentor-element-image-box"><div class="gutentor-image-thumb"><img class="normal-image" src="https://xn--lepanierdecapacits-rwb.com/wp-content/uploads/2021/05/SE-PROMOUVOIR-DIFFEREMENT.png"/></div></div></div>
</div>
</div></div></section>



<p></p>



<div id="section-gf6a727" class="wp-block-gutentor-e0 section-gf6a727 gutentor-element gutentor-element-advanced-text text-align-center-desktop"><div class="gutentor-text-wrap"><h3 class="gutentor-text">Contenu et Programme</h3></div></div>



<section id="ba0805" class="section-ba0805 gutentor-module gutentor-module-accordion"><div class="grid-container">
<div id="583d3c" class="wp-block-gutentor-m6-item section-583d3c gutentor-module gutentor-module-accordion-item"><div class="gutentor-module-accordion-panel g-a-panel-ba0805"><div class="gm-ah-ba0805 gutentor-module-accordion-item-heading gutentor-module-icon-position-right"><span class="gutentor-module-accordion-panel-handler" role="button"><span class="gutentor-module-accordion-panel-handler-label">Objectifs</span><span class="gutentor-module-accordion-icon gutentor-enabled-width"><i class="gm-aio-ba0805 gutentor-module-accordion-icon-open fas fa-angle-down"></i><i class="gm-aic-ba0805 gutentor-module-accordion-icon-close fas fa-angle-up"></i></span></span></div><div class="gm-ab-ba0805 gutentor-module-accordion-body">
<div id="section-gbb591a" class="wp-block-gutentor-e0 section-gbb591a gutentor-element gutentor-element-advanced-text"><div class="gutentor-text-wrap"><p class="gutentor-text">&gt;  À l&rsquo;issue de cette formation, le stagiaire sera capable de se positionner différemment dans le marché du travail. Il aura acquis les bases d&rsquo;un marketing de soi, qu&rsquo;il saura valoriser lors d&rsquo;un entretien d&#8217;embauche.</p></div></div>
</div></div></div>



<div id="b85ad4" class="wp-block-gutentor-m6-item section-b85ad4 gutentor-module gutentor-module-accordion-item"><div class="gutentor-module-accordion-panel g-a-panel-ba0805"><div class="gm-ah-ba0805 gutentor-module-accordion-item-heading gutentor-module-icon-position-right"><span class="gutentor-module-accordion-panel-handler" role="button"><span class="gutentor-module-accordion-panel-handler-label">Programme</span><span class="gutentor-module-accordion-icon gutentor-enabled-width"><i class="gm-aio-ba0805 gutentor-module-accordion-icon-open fas fa-angle-down"></i><i class="gm-aic-ba0805 gutentor-module-accordion-icon-close fas fa-angle-up"></i></span></span></div><div class="gm-ab-ba0805 gutentor-module-accordion-body">
<div id="section-gf4ae66" class="wp-block-gutentor-e0 section-gf4ae66 gutentor-element gutentor-element-advanced-text"><div class="gutentor-text-wrap"><p class="gutentor-text"><strong>Spécifique</strong><br>Communiqué sur demande</p></div></div>
</div></div></div>



<div id="b37a53" class="wp-block-gutentor-m6-item section-b37a53 gutentor-module gutentor-module-accordion-item"><div class="gutentor-module-accordion-panel g-a-panel-ba0805"><div class="gm-ah-ba0805 gutentor-module-accordion-item-heading gutentor-module-icon-position-right"><span class="gutentor-module-accordion-panel-handler" role="button"><span class="gutentor-module-accordion-panel-handler-label">E-cours</span><span class="gutentor-module-accordion-icon gutentor-enabled-width"><i class="gm-aio-ba0805 gutentor-module-accordion-icon-open fas fa-angle-down"></i><i class="gm-aic-ba0805 gutentor-module-accordion-icon-close fas fa-angle-up"></i></span></span></div><div class="gm-ab-ba0805 gutentor-module-accordion-body">
<div id="section-geb7e23" class="wp-block-gutentor-e0 section-geb7e23 gutentor-element gutentor-element-advanced-text"><div class="gutentor-text-wrap"><p class="gutentor-text"><strong>E-formation</strong><br>Dispensé en 7h00.</p></div></div>
</div></div></div>



<div id="3ec98d" class="wp-block-gutentor-m6-item section-3ec98d gutentor-module gutentor-module-accordion-item"><div class="gutentor-module-accordion-panel g-a-panel-ba0805"><div class="gm-ah-ba0805 gutentor-module-accordion-item-heading gutentor-module-icon-position-right"><span class="gutentor-module-accordion-panel-handler" role="button"><span class="gutentor-module-accordion-panel-handler-label">Présentiel</span><span class="gutentor-module-accordion-icon gutentor-enabled-width"><i class="gm-aio-ba0805 gutentor-module-accordion-icon-open fas fa-angle-down"></i><i class="gm-aic-ba0805 gutentor-module-accordion-icon-close fas fa-angle-up"></i></span></span></div><div class="gm-ab-ba0805 gutentor-module-accordion-body">
<div id="section-g78dd9e" class="wp-block-gutentor-e0 section-g78dd9e gutentor-element gutentor-element-advanced-text"><div class="gutentor-text-wrap"><p class="gutentor-text"><strong>Lieu de formation</strong><br>Adresse et lieu communiqués d&rsquo;avance.</p></div></div>
</div></div></div>



<div id="f55b8a" class="wp-block-gutentor-m6-item section-f55b8a gutentor-module gutentor-module-accordion-item"><div class="gutentor-module-accordion-panel g-a-panel-ba0805"><div class="gm-ah-ba0805 gutentor-module-accordion-item-heading gutentor-module-icon-position-right"><span class="gutentor-module-accordion-panel-handler" role="button"><span class="gutentor-module-accordion-panel-handler-label">Attestation de formation</span><span class="gutentor-module-accordion-icon gutentor-enabled-width"><i class="gm-aio-ba0805 gutentor-module-accordion-icon-open fas fa-angle-down"></i><i class="gm-aic-ba0805 gutentor-module-accordion-icon-close fas fa-angle-up"></i></span></span></div><div class="gm-ab-ba0805 gutentor-module-accordion-body">
<div id="section-g97f4ce" class="wp-block-gutentor-e0 section-g97f4ce gutentor-element gutentor-element-advanced-text"><div class="gutentor-text-wrap"><p class="gutentor-text"><strong>Attestation de formation</strong><br>Une attestation de fin de parcours est délivrée par l&rsquo;organisme de formation.</p></div></div>
</div></div></div>
</div></section>



<section id="section-78c7ce10-004b-4970-8b73-969cc0f56d16" class="wp-block-gutentor-advanced-columns gutentor-section gutentor-advanced-columns"><div class="grid-container"><div class="grid-row">
<section id="section-4b949b8e-cea5-4af5-9431-16549d7600f2" class="wp-block-gutentor-single-column gutentor-single-column  grid-lg-4 grid-md-12 grid-12">
<section id="section-d0e39e54-8da4-4e72-b59d-3fcd0dbeed7b" class="wp-block-gutentor-content-box gutentor-section gutentor-content-box-wrapper content-template1"><div class="grid-container"><div class="gutentor-block-header"><div class="gutentor-section-title text-left"><h2 class="gutentor-title">Des rÉsultats probants </h2></div></div><div class="grid-row gutentor-grid-item-wrap"><div class="gutentor-grid-column grid-lg-12 grid-md-12 grid-12"><div class="gutentor-single-item gutentor-single-item-0"><div class="gutentor-single-item-wrap"><div class="gutentor-single-item-content"><h3 class="gutentor-single-item-title">Reconversions  Réussies</h3></div></div></div></div></div></div></section>



<p></p>
</section>



<section id="section-d9f91393-ccbc-4a73-b418-cc7a877bb4b9" class="wp-block-gutentor-single-column gutentor-single-column  grid-lg-8 grid-md-12 grid-12">
<section id="section-ddecc60d-a0f6-4421-9cd3-0da3c780cc24" class="wp-block-gutentor-content-box gutentor-section gutentor-content-box-wrapper content-template1"><div class="grid-container"><div class="grid-row gutentor-grid-item-wrap"><div class="gutentor-grid-column grid-lg-12 grid-md-12 grid-12"><div class="gutentor-single-item gutentor-single-item-0"><div class="gutentor-single-item-wrap"><div class="gutentor-single-item-content"><p class="gutentor-single-item-desc">Sur 100 personnes accompagnées, tous trouvent leur couloir et 95 réussissent à se réinsérer. La difficulté majeure est souvent liée à la prise en charge des formations à suivre, après que la voie soit trouvée.</p></div></div></div></div></div></div></section>
</section>
</div></div></section>



<p></p>
